--
-- PostgreSQL database dump
--

-- Dumped from database version 17.4
-- Dumped by pg_dump version 17.4

SET statement_timeout = 0;
SET lock_timeout = 0;
SET idle_in_transaction_session_timeout = 0;
SET transaction_timeout = 0;
SET client_encoding = 'UTF8';
SET standard_conforming_strings = on;
SELECT pg_catalog.set_config('search_path', '', false);
SET check_function_bodies = false;
SET xmloption = content;
SET client_min_messages = warning;
SET row_security = off;

--
-- Name: public; Type: SCHEMA; Schema: -; Owner: support
--

-- *not* creating schema, since initdb creates it


ALTER SCHEMA public OWNER TO support;

--
-- Name: rc_select(integer); Type: FUNCTION; Schema: public; Owner: support
--

CREATE FUNCTION public.rc_select(in_id integer DEFAULT NULL::integer) RETURNS TABLE(input_id character varying, id integer, value_desc character varying)
    LANGUAGE plpgsql
    AS $$
BEGIN
    RETURN QUERY
        SELECT COALESCE(in_id::varchar, 'BUG HIT'), rc4.id, rc4.rc4_value
        FROM rc4
        WHERE (in_id IS NULL OR in_id = rc4.rc3_reference);
END;
$$;


ALTER FUNCTION public.rc_select(in_id integer) OWNER TO support;

SET default_tablespace = '';

SET default_table_access_method = heap;

--
-- Name: rc1; Type: TABLE; Schema: public; Owner: support
--

CREATE TABLE public.rc1 (
    id integer NOT NULL,
    description character varying NOT NULL
);


ALTER TABLE public.rc1 OWNER TO support;

--
-- Name: rc1_id_seq; Type: SEQUENCE; Schema: public; Owner: support
--

CREATE SEQUENCE public.rc1_id_seq
    AS integer
    START WITH 1
    INCREMENT BY 1
    NO MINVALUE
    NO MAXVALUE
    CACHE 1;


ALTER SEQUENCE public.rc1_id_seq OWNER TO support;

--
-- Name: rc1_id_seq; Type: SEQUENCE OWNED BY; Schema: public; Owner: support
--

ALTER SEQUENCE public.rc1_id_seq OWNED BY public.rc1.id;


--
-- Name: rc2; Type: TABLE; Schema: public; Owner: support
--

CREATE TABLE public.rc2 (
    id integer NOT NULL,
    rc1_reference character varying NOT NULL,
    rc2_value character varying NOT NULL
);


ALTER TABLE public.rc2 OWNER TO support;

--
-- Name: rc2_id_seq; Type: SEQUENCE; Schema: public; Owner: support
--

CREATE SEQUENCE public.rc2_id_seq
    AS integer
    START WITH 1
    INCREMENT BY 1
    NO MINVALUE
    NO MAXVALUE
    CACHE 1;


ALTER SEQUENCE public.rc2_id_seq OWNER TO support;

--
-- Name: rc2_id_seq; Type: SEQUENCE OWNED BY; Schema: public; Owner: support
--

ALTER SEQUENCE public.rc2_id_seq OWNED BY public.rc2.id;


--
-- Name: rc3; Type: TABLE; Schema: public; Owner: support
--

CREATE TABLE public.rc3 (
    id integer NOT NULL,
    rc2_reference integer NOT NULL,
    rc3_value character varying
);


ALTER TABLE public.rc3 OWNER TO support;

--
-- Name: rc3_id_seq; Type: SEQUENCE; Schema: public; Owner: support
--

CREATE SEQUENCE public.rc3_id_seq
    AS integer
    START WITH 1
    INCREMENT BY 1
    NO MINVALUE
    NO MAXVALUE
    CACHE 1;


ALTER SEQUENCE public.rc3_id_seq OWNER TO support;

--
-- Name: rc3_id_seq; Type: SEQUENCE OWNED BY; Schema: public; Owner: support
--

ALTER SEQUENCE public.rc3_id_seq OWNED BY public.rc3.id;


--
-- Name: rc4; Type: TABLE; Schema: public; Owner: support
--

CREATE TABLE public.rc4 (
    id integer NOT NULL,
    rc3_reference integer NOT NULL,
    rc4_value character varying
);


ALTER TABLE public.rc4 OWNER TO support;

--
-- Name: rc4_id_seq; Type: SEQUENCE; Schema: public; Owner: support
--

CREATE SEQUENCE public.rc4_id_seq
    AS integer
    START WITH 1
    INCREMENT BY 1
    NO MINVALUE
    NO MAXVALUE
    CACHE 1;


ALTER SEQUENCE public.rc4_id_seq OWNER TO support;

--
-- Name: rc4_id_seq; Type: SEQUENCE OWNED BY; Schema: public; Owner: support
--

ALTER SEQUENCE public.rc4_id_seq OWNED BY public.rc4.id;


--
-- Name: rc1 id; Type: DEFAULT; Schema: public; Owner: support
--

ALTER TABLE ONLY public.rc1 ALTER COLUMN id SET DEFAULT nextval('public.rc1_id_seq'::regclass);


--
-- Name: rc2 id; Type: DEFAULT; Schema: public; Owner: support
--

ALTER TABLE ONLY public.rc2 ALTER COLUMN id SET DEFAULT nextval('public.rc2_id_seq'::regclass);


--
-- Name: rc3 id; Type: DEFAULT; Schema: public; Owner: support
--

ALTER TABLE ONLY public.rc3 ALTER COLUMN id SET DEFAULT nextval('public.rc3_id_seq'::regclass);


--
-- Name: rc4 id; Type: DEFAULT; Schema: public; Owner: support
--

ALTER TABLE ONLY public.rc4 ALTER COLUMN id SET DEFAULT nextval('public.rc4_id_seq'::regclass);


--
-- Data for Name: rc1; Type: TABLE DATA; Schema: public; Owner: support
--

COPY public.rc1 (id, description) FROM stdin;
1	05c1d3a604
2	713740146a
3	2bd0a85091
4	a3cf3f37e3
5	05a97c5e2a
6	fea794722e
7	3f74df907f
8	420022e2d9
9	a61fce58db
10	817bae26d7
11	1577d5c766
12	12333f3c70
13	ece838080a
14	e862030fff
15	078c3ad01a
16	9f44196e9f
17	b3ed73e2e6
18	a15cf1fba5
19	8f24732828
20	41b3cb08c0
21	41412a7e75
22	c46d2da880
23	53571b3da4
24	a9a3fd71bc
25	c9e6bab429
26	b22ce878f9
27	acb521d7bc
28	6c08c8ef56
29	a00980fc26
30	f43302c941
31	b5f790e2dc
32	08d5f745c1
33	2e8a3ffb93
34	b3707a030b
35	ea048f09f4
36	b5af69d0b2
37	197b0fdec5
38	ccb125cf61
39	1317c8b4eb
40	042376075f
41	a94900255e
42	121118933d
43	90cd22328d
44	47f3290605
45	d5c4e05af5
46	2a8f87966d
47	af388bf03c
48	439fb1d7b2
49	baf02c8c2a
50	d67c561d4c
51	d97e040372
52	4b9c693ae1
53	4f4965abea
54	9a7bd83a4d
55	9d5816a670
56	ff12402c8f
57	61a1c64586
58	1fe106bfeb
59	e2ca69f22a
60	99ecabe1e0
61	c860a8c29e
62	1ccaf6d481
63	451ace43be
64	8364393a98
65	d3d765bf07
66	13c5b99d5c
67	0920e6df27
68	e0a922ef17
69	c89ccbffcf
70	38f6afe995
71	38e8e86fe4
72	ea5ec7a597
73	23ad688867
74	7ae8cfb762
75	8b9531dfc8
76	a6b297a9ba
77	16246efea4
78	573352a8ce
79	f1ad94f59d
80	470ab8558a
81	6e0b7f2fb2
82	5e2543e7ca
83	4b21c9393e
84	38e802f31b
85	a8f8d4c377
86	cd09a42b8d
87	c8b030d2ad
88	c7af48eec8
89	c8e7ffb5c1
90	992dbea117
91	28ed432c30
92	8d10e46a3d
93	b0a63db498
94	54e5c4d491
95	81c1c7aa73
96	41c27a8d63
97	892997d767
98	cd5fa3c4e0
99	a89d95a05a
100	0d5e0d52fe
101	487dce71cb
102	412bd64b8b
103	0e92636ffb
104	c9ad186ce1
105	9cca897730
106	02ef447795
107	4126a813b7
108	51729b4b12
109	666b298908
110	0181c08452
111	9396f4649d
112	9d366fd8bf
113	40c4c13646
114	282880e0f1
115	aaf62ac03a
116	2470d202d0
117	f279083b60
118	d98781f17a
119	22b1979e87
120	bdcfaddd33
121	297ef17567
122	c7da5e5eb9
123	849b14edd2
124	93f7d010e1
125	2f93030d13
126	7ab7b8e309
127	171fc5a3cd
128	60fbbf2349
129	b77c4d3448
130	99067fe358
131	cab5acadae
132	30052c16d6
133	1a0060f0d7
134	c195bfe38a
135	edc170e0d5
136	2cabbc3a46
137	90ebf55286
138	dc33789a4d
139	2c4f430281
140	cf24f58209
141	84edae0043
142	6a3c07aea9
143	befa1e4baa
144	1d5821658b
145	2a46d012e0
146	d903b6277b
147	0e268eb3c3
148	336b32da9c
149	34c260d450
150	9b4bfc2185
151	9333c92084
152	279cba567d
153	13c9a64d0d
154	7ed6bf0aa8
155	f510d3c06c
156	93073f9768
157	114c1e7a23
158	4401c03d53
159	06b28d50c5
160	fbd858c853
161	51ea39d8eb
162	cd338ca192
163	9b8cfd7d3c
164	0484e7da9e
165	038c6ee475
166	f7649baeda
167	b61b3a5c71
168	17e9a439f6
169	a44cf5f6d2
170	8f510b4ec8
171	19d2f5fcdd
172	a68a88afce
173	59344fca8f
174	1a45944676
175	39f84b730d
176	7806096730
177	92c6533bc5
178	9ce617cf81
179	6115106da5
180	0320b3cde5
181	fb4422bdfc
182	62bc07200a
183	52958eb31e
184	3d987f9cc8
185	10d616e0cd
186	7966f0167b
187	a161916bed
188	501161f0f7
189	f22fd1e7f8
190	8ccd5c6598
191	fc999abf13
192	a9e84de164
193	6a3d76aa81
194	167b984da8
195	839cd545c7
196	6c01957440
197	ea978217eb
198	7739b2b5e5
199	4b1b764b56
200	56c97123de
201	7ad2a5b52b
202	c9692f80b5
203	3722992c3d
204	fd4685e9e4
205	dba183b7c7
206	ee68081419
207	b9d07d40a4
208	436933dfb7
209	a873a664b4
210	dba8a2ec72
211	4873086f82
212	3f2561ee2b
213	a995d5b5a4
214	985803db34
215	ef2e3753d0
216	cc8a7c8226
217	4612932b38
218	63a4ab7133
219	cf477d6479
220	6461f72488
221	120b954655
222	4a18ef4fee
223	96dec40fff
224	85da8af187
225	1ca9e6d18f
226	8ba01a2527
227	6a39dda99a
228	ad34a8e48b
229	d8bae9bee0
230	68b9329d74
231	097ff31ffa
232	13b037dd1a
233	d97fe920e1
234	2dc61f1605
235	3fc11d9f38
236	3a127c42a0
237	675fd1994c
238	35a75a960a
239	a45d598209
240	47ce5ca513
241	6602e40514
242	360287eaec
243	afaf70effe
244	a8642451b5
245	961e685e10
246	392afc8d12
247	7a909c16b3
248	fb6773ceda
249	98303bab45
250	87dc30a942
251	f75ed37f53
252	2fb6e51250
253	4e159a74a0
254	7e7c187ba3
255	3027f613f1
256	a9f40e0095
257	acf685e266
258	8a4fd969c8
259	3ec63bdc5d
260	dc46e27473
261	5ddda29844
262	93dd9731a0
263	360a61ec76
264	04e159d521
265	21cd84fc86
266	01c208146e
267	0e9c12af25
268	6bb656b81f
269	19cfa34ba6
270	8994e91200
271	b65dc671d9
272	242c5072bf
273	6d36f1c5c6
274	5a6bec156a
275	7596396836
276	70309328de
277	35cce8b10b
278	26b337ef09
279	9f7965c622
280	fe1ffb61c8
281	60c123e130
282	b3fefdd478
283	104a90b63a
284	a07e06b898
285	5b72e9a784
286	06bc19cb06
287	7d271c574b
288	75a60a1761
289	011ee32b90
290	a9ed1ceefe
291	72c358912b
292	c992d65a91
293	d1f9a365c9
294	d47c33f7bd
295	85425e4e93
296	3293ecdb4b
297	1b6ac4f27f
298	7438626c8a
299	821f55cca9
300	10f89bef3e
301	50577be974
302	33e62ae1b2
303	573c0a6d4c
304	a10f65350a
305	9e74bd02d6
306	bc9d620053
307	9766f85837
308	102edab1f9
309	45bb16c001
310	2d5975a6b0
311	59bbf189eb
312	3065d4c90d
313	6c6cebb218
314	c0b2968911
315	146312eed5
316	f72cdea3b5
317	c7082613f6
318	ecd1a3ffd1
319	003196cfb9
320	86377a55a2
321	5fa7e1f955
322	4b1f1e8185
323	19583b0e37
324	058b5e3533
325	4d92b62f2c
326	8bfb00a9de
327	1edc22aef2
328	5714ec4c2b
329	97403cddcf
330	47ae2b8996
331	11c3c99509
332	afd7a8755a
333	36be95ea68
334	f78b16a8b5
335	7e31ad1924
336	4b4d1aff84
337	c2a130dcd0
338	88e55015fa
339	66aa290498
340	ca5d5d9291
341	655a3a568c
342	95fe9df96c
343	afe13b859a
344	007bd73aa3
345	10a26e1c2a
346	1c9ca7210c
347	a4ee8ec8ec
348	582edcdc9d
349	69f353f6f7
350	f674a25896
351	2dba0628ea
352	5633c6ac3f
353	b79f7d695e
354	dbed373b73
355	4ebd8cede1
356	c17657ba1d
357	4121177b89
358	7b18b85c04
359	803039a26e
360	68784010aa
361	6a806f52ca
362	8252e120b7
363	d19b2940fa
364	845f813b1d
365	46df99421d
366	fe8c268632
367	1afcf5ba46
368	953a916e2b
369	9a1705f2ee
370	89dab67c61
371	1056554bee
372	3a6d1515d7
373	5e872cec0b
374	b3d3926815
375	64dd32600c
376	dc4a9e4728
377	5aa07411fd
378	62b3e9b8f8
379	1ab6d79b49
380	edbe020126
381	b739cd1884
382	0f7af8b944
383	a010eb2573
384	89dfb45d11
385	ec99f7c7ab
386	9a89a7444d
387	c42b58525e
388	0aab828121
389	4aead0a805
390	1b15492bc2
391	d0dacc6883
392	5d4a874053
393	f92e4b60c7
394	928713ce71
395	a40b8767d3
396	d930cd8db5
397	06104e456f
398	ad215da878
399	e252264bfe
400	f86d7e6ee2
401	7a7ca01407
402	61caf37876
403	e4d078fa8b
404	1487bb5ddf
405	1af692a546
406	aaf0fa3bd8
407	065c75727c
408	4cdae53bf8
409	f66e479a1a
410	14e9ee6851
411	9ca6fdd048
412	7a6ee0e0f5
413	81415f364e
414	47d05ea8ea
415	1c180d2778
416	859e47004f
417	a20942f9f8
418	02664d6ba9
419	0bc4cc8e79
420	3be33b2411
421	c8cb63415a
422	d893dcf8b1
423	1eda200d62
424	ae8bea2520
425	3e505516c6
426	7e166e274d
427	f30a4410dc
428	0fbf0316c8
429	5926780fb4
430	5284aa8ec5
431	d371c0d992
432	be479d1bf1
433	cf1bcd3d6d
434	d224134e72
435	93e8d2312a
436	6abe6ac7dd
437	3e8c3c63b1
438	9adea2e2dd
439	70f9b9a000
440	6f400f8cef
441	8bf6321cc8
442	987c6b9b88
443	3688cf53e3
444	175f678d13
445	3a69fa9134
446	2d932412bc
447	d801deb98b
448	7aa294dc0f
449	235930febd
450	937fb93de1
451	94ba550b07
452	981b5f744f
453	2d1309d8d0
454	e67841f66d
455	cf33427a2d
456	025feae6cd
457	8cf42e99f0
458	67b63b942d
459	3db50ef1b7
460	1721d9b69e
461	8b67c9c41c
462	4712e6066a
463	560fc1a47d
464	dc48070f1e
465	ae4ed75ebb
466	1a2b2ccb2f
467	52d3f60d3a
468	2487d20107
469	8606051e32
470	f9add17f23
471	deed47e34f
472	ba4d2983c0
473	92f4f20fda
474	b62a1e5aea
475	ac7727bc27
476	ccd04427f2
477	a7143d6d2f
478	177ab01044
479	d0599a4dea
480	5a68b7f909
481	d23176d8e6
482	dcba91dc30
483	46e746f116
484	ee2b40ed39
485	b6f4bff6e2
486	82d158ba5c
487	098a111fa5
488	979b93b3a2
489	6b0ec18159
490	be638dabdf
491	3523ec2b6c
492	604f223d09
493	12b007bce7
494	22b77cdf09
495	758320ea82
496	4a17e18f39
497	43f8908476
498	4e28389ec7
499	79c21f7003
500	2614459e13
501	e7b0a3938c
502	5fea546c8d
503	d569728e6b
504	6f8e3ee33f
505	2280dfb4cf
506	e626169028
507	705b755b95
508	b01ec9a972
509	f5799e0a37
510	fea7ede878
511	8ea8051627
512	88bc3c4f11
513	9a6f3f500a
514	6314c70e63
515	e41a459507
516	5af4d61102
517	eb00772a78
518	4ad0c99ad5
519	7a4b12cf31
520	3f2f44a905
521	6cc888bc3f
522	239cd73aab
523	ee7d3a48a6
524	047336192f
525	ff5261dc67
526	29e676e621
527	2ad9e3c278
528	7a8059cf9d
529	4cc585b2a8
530	8c5e7d3f8b
531	8fd085b1fb
532	c57ff0442a
533	851eeb840f
534	2ebae82667
535	610180b24d
536	35a4de6c21
537	ee22bf8e6c
538	2bcbb5b179
539	0fa6bb20a4
540	7395380626
541	9e121e3029
542	2108f64bfa
543	0023289126
544	2e6c4e676b
545	8fc3243e8b
546	6a156f5246
547	0304ad3951
548	a19ef17a69
549	e4ed8361d1
550	e324ab523d
551	773a3f0ea6
552	94b320d9b1
553	2b07205351
554	8fed4138b0
555	86ea0e51f9
556	758db86b51
557	072a74666d
558	b8a59547f8
559	83709a5c58
560	d4ab8e892c
561	c28c6a196f
562	75e24406c3
563	1fd8c92c81
564	b302c76a18
565	45f41b38a8
566	7feff7869e
567	88d6a6c6ed
568	1eb4b75347
569	40311973f4
570	251a257616
571	973f25ed82
572	dbe0e542a5
573	d7f5e9c967
574	6422368c89
575	3a5bef06db
576	877faf4aa7
577	ec4b9c94c6
578	4a7abab900
579	19eb1446b3
580	cb1b461d27
581	f11c91f9c0
582	213c14b29b
583	a346e6e53b
584	0f02084839
585	9cf1108fad
586	3a99407f33
587	df7e9f96c8
588	8acf6a90c3
589	e0333a5af3
590	e0e26da54e
591	602c5fb6de
592	90f29793cc
593	07acb70f06
594	4037bb00df
595	9949fab0a8
596	b14baa9d95
597	1bf5793812
598	1f77d8e88e
599	512fc484e1
600	71f3f59d20
601	4bea8bdf1d
602	706bc5f35a
603	06f16cd43c
604	6231f675a3
605	7841f45f0e
606	aaad74c5d7
607	f6839f32b7
608	3ae62d71e3
609	b9f20e15e3
610	bf069552a2
611	1e1b0b626b
612	a4635b5136
613	9ff52fd2ba
614	07636cf4b0
615	641c5e9849
616	ec1aac6ed5
617	fbf647cccf
618	452f5501fc
619	e9d65af52b
620	7e6645867d
621	0e13f01bf8
622	4d813de67b
623	00ef4048a5
624	fe65cd07df
625	50ababe20b
626	b681bdcdf1
627	2d05ec7dd4
628	ef220d1c36
629	898465a7ca
630	feb904dad1
631	23e2590746
632	b1ceb6dec7
633	397c99428f
634	5bc7ea56de
635	1136cb6f45
636	7fc98ff6cb
637	665639c65f
638	6a708dbfca
639	f3c1bfe145
640	a2c683fc7b
641	fbf95186b4
642	9a8f323fc5
643	370d88b39a
644	8469e7a1bc
645	a588c4a87c
646	61583f8656
647	bb82d6aea4
648	3011cf7e34
649	4a99ea1def
650	7d412d43d1
651	bca8efe33e
652	8da637bacd
653	966e35ea20
654	994caa0521
655	367d79ddbf
656	de476a1c00
657	8caf601315
658	c715c171a3
659	ff2503971c
660	5503119f77
661	7edb5d0f7a
662	44bc4a834e
663	53a8994864
664	c77557617c
665	9ea71bc333
666	8532a37f6a
667	bccb7aa214
668	e00c0c28b8
669	fed74c8de6
670	3b17b0d65c
671	8f2a2ad997
672	2142b805f7
673	0602c39618
674	a4aa2bc218
675	92f34e7b87
676	0c16fc5e0a
677	e8690e249f
678	118e1cdb0b
679	82c6f1feb8
680	0d9b353f72
681	84de34f0a5
682	a0ba31088a
683	8f4e87156b
684	95e394b331
685	15c3a44e19
686	05574e58dd
687	900cf25e8b
688	b9e704e8db
689	320efc3705
690	f07a96443a
691	325da65f7a
692	43c0035252
693	5151034190
694	3bc39a3928
695	3c75bc6281
696	7c8cbfa303
697	2e82e67013
698	fce04cd0ef
699	fdbd5e1a89
700	b8a9bc5e43
701	0a0f795108
702	68ede6159f
703	b5db5f74e4
704	a0390b05e9
705	9aa54188f8
706	905746c5df
707	b507f727a9
708	7b1959bd68
709	02aedb0a1e
710	c37065a15e
711	0a0a8aa949
712	5fe661be27
713	9c81699166
714	952420b76c
715	03966d9a97
716	4e7ac9c8ef
717	a64e1d6c5b
718	6c3f81f6ea
719	143c64f226
720	909ff1c87b
721	fdfb447bc4
722	1917a9732c
723	8bd219e5e0
724	bf72e12a4e
725	afca89ed51
726	04d6a44573
727	51721f223e
728	1e37ecd786
729	b204fcac45
730	99b3858f1a
731	d464464bc6
732	af9a267f6b
733	d2dd0fa579
734	b7de99bfb6
735	952e9893e7
736	6b0e45f372
737	2493621219
738	11110f94df
739	40a7c102c1
740	7856e805a3
741	b5ef418ddc
742	2e5480538f
743	9a9a67e433
744	17bd15b158
745	5835ddb52e
746	3c79fe63bc
747	389ccecbe1
748	b0a6838561
749	6cc579bd35
750	619e235e11
751	ec99a95f62
752	3c32495717
753	db66a74237
754	9ffa07a881
755	bcb43ae746
756	dcebdc664e
757	6c27284b57
758	775eecd563
759	ddfa4682fd
760	b72eede5c5
761	9fcc1b418d
762	47a67cc09c
763	eb755dbf16
764	0424cf5026
765	ea2d18e24e
766	4f4b9aad44
767	39e7623d6b
768	fda6919674
769	771bac9c20
770	be8e4a0383
771	4a265d32bb
772	f822ee1e39
773	be48e30f14
774	9de7eca670
775	a9b6cff2a9
776	cd54f1a649
777	1355bd0b72
778	87d0e5bcdd
779	a5bda9b79e
780	b85c847c1a
781	1c60af2fdf
782	1effaeddbd
783	9255e758e6
784	165acd80f8
785	0a8e3635ba
786	b20f84862c
787	5b1d8a0555
788	f20b51ea57
789	428ae691b1
790	f108ee416f
791	e70a9e0eb1
792	e96b1fc617
793	9f351db1a6
794	16314192e2
795	384b2ceadb
796	02c3789484
797	e3a6aa05ce
798	2ae1c34235
799	ea9f8f7f02
800	3e12017ecd
801	7e80d64ef2
802	2ef0e45fce
803	b271812332
804	6cb74e87b0
805	dbed8a7d38
806	501a7e9462
807	3927a5cc5c
808	29cc2898eb
809	4ec1507cd5
810	45e21e65b9
811	7155501b9c
812	eebb5528f7
813	c3da158875
814	4b23b6f382
815	ac0c2de2a2
816	98158ac561
817	27f19746d0
818	2ea3ae50f6
819	d10c85ea64
820	fb3d4dbf7b
821	572d80bf5b
822	77adb3eabb
823	ab852e75ff
824	69126c7dee
825	0cce35daf7
826	208a5950d9
827	79e7a1bec3
828	23a6bf6fb1
829	7591ad9b7d
830	477e62ea6c
831	22560608f9
832	e4345de723
833	fac8568510
834	056832afc3
835	b4d3ec8c4a
836	cdedf599b8
837	f971d5821d
838	96f2ec3d24
839	a0b22d67d3
840	d2ae51eb23
841	87f1ad7dd7
842	38a34d2db6
843	625db3fb6c
844	cba73908e2
845	755e3f07db
846	8700391772
847	477cb7e932
848	0d5a528b9b
849	d0c73a06bd
850	3ce8f10ac0
851	5640fab490
852	9d1f982bc3
853	0466c915db
854	bb444d84ff
855	76928f00e5
856	e366659635
857	7d49b069f4
858	952743be71
859	6572aa59d8
860	d3c8d6e237
861	433ed8b08c
862	0930122158
863	c85445efac
864	089ae524ba
865	288bc6b39c
866	56ba21a436
867	472948f9be
868	1c0592b762
869	20fb5612c2
870	aa3519dd64
871	0621d6cdd3
872	1c3d58cdba
873	d8c9ffb8f2
874	b36dec30ac
875	15af065abe
876	ff92fd15a4
877	497eaaf3ca
878	168b9a6732
879	d1010cea30
880	daa93fefb9
881	f0e9495ffb
882	de37e3dd9a
883	efbc92de5b
884	960b598866
885	8c83d8b8ae
886	2111246865
887	50a64e9c53
888	827c82a604
889	00479fbf1e
890	1fab049218
891	3c50d32a80
892	342763be49
893	466aaa96a8
894	e875dd58f4
895	d3757254b9
896	4458595a98
897	d1c6f28974
898	6c8590d0ab
899	708eccfeb6
900	4ce65d5219
901	3db6768eeb
902	1207cc71d1
903	20880c340c
904	fe0e4ce240
905	2b6edeec2e
906	46a8e372b0
907	68c52dfa58
908	4ab3766b04
909	c887855557
910	96b7408f27
911	19da2c064c
912	dae6e0c6bc
913	82152df011
914	2c974c425e
915	c993c6040f
916	2ebfadd14f
917	2dbb2a4a19
918	6191ef2702
919	8dd8103722
920	521276ac15
921	40845df8fc
922	7af6d8b492
923	6bb3568902
924	0b28f507f0
925	1093af6faa
926	e315da09c6
927	b548dd2f38
928	774c64b05c
929	c05a4d52f3
930	8f6bcf9b85
931	8586f1fa87
932	aec5d68c9a
933	70b32398e7
934	7441dd4e29
935	43d932ba0b
936	2bd1ed7837
937	53add51ca3
938	38459cfd74
939	e8129bd182
940	9681f50ad9
941	8309166545
942	2d744a7e71
943	4c8aaa72f4
944	d164861996
945	a5341d6656
946	696b41421b
947	5d7ac3cfdb
948	89ea2e2a68
949	9dab1def59
950	fcea401149
951	8fc6bd3402
952	62b5f2ee23
953	06f0a6cea5
954	559ec3e2f5
955	e42874d3aa
956	41edfee957
957	80a059cdb5
958	27386dbb7a
959	5a971da47b
960	23d25bf0cb
961	3660f29d56
962	62a89de44c
963	c69a359546
964	a1d47f810e
965	0694863397
966	34e00e0740
967	36de102539
968	4bc73a411f
969	2f49c8d5d0
970	cb60af9c51
971	bb2009665d
972	8e3ae4e053
973	d64a60bbd0
974	a89ce749ae
975	3a4d4e7b3d
976	80ad62419d
977	3ea9910dbf
978	e628aeef33
979	db38861750
980	eb7fa6336a
981	d1f40867a4
982	de918c2b69
983	1efad7f1a1
984	bb6486e628
985	308b02f526
986	3898659d98
987	32fa0b4000
988	18bbe1e289
989	2c2c157e8b
990	4eaaaf5a80
991	84a7207859
992	82ddd648b1
993	c2ee4d311c
994	9161124972
995	3c5d584de2
996	64e1aa7c5e
997	dee64f12b4
998	688613b1c9
999	96899fe603
1000	1f34d37f38
\.


--
-- Data for Name: rc2; Type: TABLE DATA; Schema: public; Owner: support
--

COPY public.rc2 (id, rc1_reference, rc2_value) FROM stdin;
1	f22fd1e7f8	5b720cfba8
2	9a7bd83a4d	2f97e5149a
3	99067fe358	805a3db657
4	412bd64b8b	72cca69670
5	a89d95a05a	cc26b19bab
6	4f4965abea	aaa2efc1c0
7	c8e7ffb5c1	65e49d3994
8	f510d3c06c	9284497a70
9	90cd22328d	85844c41ee
10	8f510b4ec8	3cbcda29ca
11	4b1b764b56	53edaecde6
12	b5af69d0b2	b9d8e0419d
13	c7af48eec8	27024e84b2
14	fb6773ceda	ee81b1cc54
15	2a46d012e0	51d89b890b
16	a45d598209	2a4bb160c1
17	038c6ee475	65098b0099
18	3f2561ee2b	d330adc2cd
19	b3707a030b	1f12a80799
20	cc8a7c8226	f43faf2a70
21	7ad2a5b52b	48aa0a15ac
22	b0a63db498	e06de04e32
23	ea978217eb	7157f7cc3b
24	439fb1d7b2	88c293a950
25	6c08c8ef56	5662701e77
26	4612932b38	69c8689161
27	40c4c13646	ebfa36c6c3
28	c7af48eec8	b42fae24aa
29	4401c03d53	b885177517
30	8d10e46a3d	3a3304a905
31	a68a88afce	13bd93a95e
32	f43302c941	96342d9a4c
33	1577d5c766	8cd5f556d0
34	13c9a64d0d	6a480e62a3
35	acb521d7bc	e4e6d8f54a
36	b77c4d3448	5c7acb98bf
37	4401c03d53	2c59743897
38	dba183b7c7	d4afc20ae7
39	fc999abf13	ac56f58e72
40	1a45944676	0561ab117c
41	b3707a030b	d8aae3dc59
42	6c08c8ef56	f1ef113de1
43	41412a7e75	9574e087f2
44	8f510b4ec8	b7ec0b1ccf
45	fb4422bdfc	0bf28f5572
46	7ae8cfb762	9666b569f9
47	10d616e0cd	b189f15c6d
48	470ab8558a	8f99465e6a
49	fb4422bdfc	c4de13ef7d
50	c8b030d2ad	2e4c34dc45
51	9396f4649d	c89c932a7a
52	85da8af187	5e42fd6099
53	e2ca69f22a	a1a0ccc4b5
54	30052c16d6	5e69a20e0e
55	c9692f80b5	65045c20cd
56	47ce5ca513	ba816e995e
57	a995d5b5a4	bd84c3d5f1
58	a45d598209	7eb8ef0536
59	51729b4b12	47e0b9d34e
60	51729b4b12	9d4341ad62
61	fea794722e	b81007e8b6
62	a161916bed	caba8e14c2
63	4401c03d53	0dfcfa1c06
64	c9692f80b5	4cd67c8e72
65	985803db34	24ce5ca990
66	ea978217eb	92c7756007
67	39f84b730d	19b3cb1513
68	a44cf5f6d2	cc7d7a9d7d
69	a68a88afce	85328a1b80
70	f279083b60	f6ded3e698
71	b61b3a5c71	5fe90cb31b
72	114c1e7a23	eeafa66bb7
73	360287eaec	b22d826b6c
74	470ab8558a	caadda3be6
75	62bc07200a	a431d687fd
76	39f84b730d	3e91929538
77	849b14edd2	5af9f6c5ab
78	6c08c8ef56	72a5987ff6
79	c9ad186ce1	950a7607f0
80	097ff31ffa	33b6586dfa
81	2a8f87966d	98cbd2a1bd
82	9f44196e9f	65f783dd97
83	2bd0a85091	df4f8e71be
84	e2ca69f22a	1454632469
85	7ad2a5b52b	db93a54668
86	4f4965abea	0aef7c29fb
87	51729b4b12	a84f4cf3fe
88	666b298908	03afeb351f
89	47f3290605	3ab2a1fe24
90	52958eb31e	fee80a8ce3
91	360287eaec	a5f40d566c
92	8d10e46a3d	e21ac807f4
93	81c1c7aa73	4bc63365fc
94	16246efea4	8b135b389f
95	b9d07d40a4	018ac7e1a8
96	38e8e86fe4	6c5c6d313e
97	b5f790e2dc	ad39f638f7
98	3722992c3d	99055bd0b7
99	336b32da9c	888a02cb5c
100	9d366fd8bf	51efc78ee0
101	1ca9e6d18f	733372edcb
102	078c3ad01a	60f6c2086c
103	038c6ee475	0466f5a422
104	7739b2b5e5	7fe0781553
105	40c4c13646	3780c48196
106	6461f72488	0cd583eae3
107	4a18ef4fee	e1dcc1de72
108	51ea39d8eb	d481624c6b
109	9333c92084	aeb7cc7e64
110	7ad2a5b52b	4d196ae25f
111	cf24f58209	44dd9e34a8
112	befa1e4baa	b1bae04bc0
113	92c6533bc5	2589c38a4f
114	c8b030d2ad	5a189498f5
115	7ed6bf0aa8	9030f50d93
116	30052c16d6	02d720c876
117	a15cf1fba5	72f27a58f0
118	8ccd5c6598	dc67c61fe4
119	1317c8b4eb	8f39c2ace3
120	fb4422bdfc	516efa800a
121	3722992c3d	8ec1f69a8d
122	acb521d7bc	7872536fcd
123	b61b3a5c71	c31f99d53a
124	87dc30a942	ab0b93f384
125	56c97123de	7f66009916
126	6115106da5	95421da1f1
127	e862030fff	72402fabe3
128	38e802f31b	da8a5d4a82
129	a873a664b4	7b42349599
130	7739b2b5e5	df3a423c42
131	2470d202d0	cc1bafbf26
132	e862030fff	e1080408ac
133	1317c8b4eb	6af173cea2
134	96dec40fff	5312ffd092
135	6115106da5	3af3371a74
136	87dc30a942	0ea4dfb6f6
137	7ab7b8e309	c35d84c2d8
138	6602e40514	da4a976fda
139	470ab8558a	a2d38dba7f
140	6115106da5	f78dd21bca
141	3a127c42a0	458a3a9a0e
142	d67c561d4c	2bdb52e946
143	47ce5ca513	397a533a56
144	f22fd1e7f8	55a174f589
145	ea5ec7a597	d9a278bb9d
146	3f2561ee2b	6c06992908
147	afaf70effe	8b205abef9
148	6a39dda99a	f1ec6fe7f6
149	a161916bed	e6f002b6d6
150	c8b030d2ad	6932b45f9a
151	fea794722e	26bcf2b31a
152	1d5821658b	42592b498a
153	e0a922ef17	ebf3840736
154	53571b3da4	7c04c5df4d
155	b5f790e2dc	b61a851545
156	573352a8ce	acda9ca707
157	961e685e10	bc29a50810
158	f22fd1e7f8	1bb90afb05
159	17e9a439f6	eb17fe12f9
160	8f24732828	ca7460372e
161	fc999abf13	ad484344f2
162	ea978217eb	97bc10fab0
163	9b4bfc2185	547b1b441c
164	4f4965abea	795ca2f0be
165	cd09a42b8d	b08221dd2b
166	12333f3c70	e5b0f07604
167	6a3d76aa81	3a086edb91
168	ccb125cf61	7c9067840c
169	0e92636ffb	4ee143895b
170	097ff31ffa	a63f83aa32
171	cd5fa3c4e0	5626972119
172	1fe106bfeb	e8ce44d004
173	3f74df907f	d292ab1438
174	85da8af187	7b0d3dc1db
175	a9e84de164	bd5d078b3e
176	a00980fc26	5557cca5b2
177	0920e6df27	0396c9b0ec
178	2a8f87966d	cde92b3e65
179	7806096730	6091babdbd
180	9cca897730	b1efc8846c
181	35a75a960a	cfed7d19ea
182	13c9a64d0d	5a45895a8c
183	3a127c42a0	82c363d564
184	4b21c9393e	51b8fdd68a
185	8ccd5c6598	f5fca387a9
186	a00980fc26	e12aae8f4c
187	c9ad186ce1	4c7e15feef
188	961e685e10	84877d91d4
189	a45d598209	d76471cac3
190	13c9a64d0d	d79b92a66f
191	4401c03d53	c4f0bdfb4a
192	439fb1d7b2	d2cb5033ed
193	2a46d012e0	46e2eb1828
194	c8b030d2ad	183c1055d0
195	f7649baeda	34809f3eef
196	360287eaec	e00ecc2a8f
197	1577d5c766	90400415f5
198	7ab7b8e309	b3488b278e
199	8f510b4ec8	87f2c2c5ad
200	4612932b38	f09a42a20c
201	713740146a	860784c403
202	ff12402c8f	35aaf85273
203	13c5b99d5c	c225f4d61b
204	4873086f82	62b3a2182f
205	63a4ab7133	ab9d1b1615
206	f43302c941	f71797a81c
207	85da8af187	73fa814561
208	93f7d010e1	1a34704d9e
209	63a4ab7133	303aaae4ac
210	2f93030d13	d1246b2ac9
211	54e5c4d491	bc4c519984
212	2dc61f1605	b38c9915b8
213	d8bae9bee0	94a85581e3
214	b3707a030b	7fe8d70cf5
215	038c6ee475	06ab02965e
216	114c1e7a23	c80b578db5
217	a9a3fd71bc	27ceb5207d
218	87dc30a942	59c51c63ba
219	4b21c9393e	6cba3e6af6
220	c46d2da880	e7dc8dbd3e
221	487dce71cb	1e4395a014
222	41412a7e75	0cac64531e
223	fb4422bdfc	ac440a6528
224	7ad2a5b52b	861cad7de3
225	ea978217eb	d0b3b1dbe6
226	b5af69d0b2	d4ab346667
227	a873a664b4	512b258dde
228	487dce71cb	e9a6a2d7b7
229	90ebf55286	8ccdb1f115
230	38e8e86fe4	e956dda66e
231	ad34a8e48b	f5af80ca56
232	3d987f9cc8	79599684c0
233	fc999abf13	8b360b2b56
234	c9ad186ce1	8b638ef1a6
235	1ca9e6d18f	519aca97b0
236	ee68081419	c8e8ae9293
237	b3ed73e2e6	d2c4d9edfc
238	b3707a030b	f4ef736e33
239	99ecabe1e0	a7feb1526d
240	420022e2d9	eab312e728
241	dc33789a4d	0ddac81803
242	f279083b60	820e6c1909
243	cd5fa3c4e0	a0f9a862ca
244	93f7d010e1	750f8781e4
245	93f7d010e1	a5169324f6
246	675fd1994c	ba6d0ae647
247	22b1979e87	550cb7f6af
248	19d2f5fcdd	67b2689f11
249	2cabbc3a46	11d158e8e3
250	99067fe358	12d8eaf7b2
\.


--
-- Data for Name: rc3; Type: TABLE DATA; Schema: public; Owner: support
--

COPY public.rc3 (id, rc2_reference, rc3_value) FROM stdin;
1	54	87227eb941
2	237	37fa4668cd
3	152	1bda16c40c
4	30	6f70c9ed55
5	48	fa6a434154
6	37	0609084831
7	38	9f47a6a564
8	224	e283d28b64
9	133	500a782da4
10	81	fce54db512
11	85	61c8bcf83c
12	15	6765750cb0
13	41	7cdafbe7be
14	116	55cf3a5167
15	229	33987711fe
16	207	4a5696886f
17	93	5f8f49291b
18	244	a25157d056
19	93	ae552c6ecd
20	243	2fe4c775e5
21	220	c125f0b8fe
22	40	1353a3b5f4
23	42	12c4b28c72
24	160	7e9f682a44
25	174	9769ddc1a0
26	184	a1e6328d02
27	170	2593d7e201
28	70	fde5d74134
29	100	475ecd5767
30	4	c5af056b3a
31	217	6d8c602ba6
32	187	8e5f6cb205
33	233	335e844196
34	52	64d4b1d391
35	23	674b6680b3
36	59	4416e9814b
37	181	3c8d9ace02
38	47	723c878fd9
39	147	73baa24f9a
40	150	71987af3af
41	148	895d96d173
42	158	32b5472c33
43	119	2512a7a3b4
44	219	8b3a46fbb6
45	25	670e46b777
46	218	73245b99ef
47	202	04788df9d2
48	2	0a11e980da
49	210	4be7939e02
50	129	bf631de945
51	247	e18059ee83
52	172	e8130ece61
53	101	b9d10ff48d
54	88	7369897ee2
55	75	82622f622d
56	94	18f78d6355
57	28	a2848ebf11
58	214	d4e700df74
59	128	b49ede4413
60	206	6867c35b2e
61	154	3bf6005af8
62	120	5755945ed8
63	114	9a36fb3f82
64	227	617376b0c7
65	127	91c36991c9
66	185	56ef17e975
67	154	c6f50ae6a3
68	224	d588b5871f
69	118	b5b6c2968a
70	145	4dad1181bc
71	50	164e80eebb
72	195	d182080303
73	2	761dda4761
74	214	65b4b55b09
75	116	1edfd25ea3
76	198	874a8440b0
77	112	8beb5ee5e2
78	27	358289d823
79	222	45a8ea244d
80	1	9c71d1934e
81	89	f8bee5b7db
82	203	48d8dc534a
83	7	cfb7289544
84	96	4364908e32
85	223	05ab69b968
86	207	69ab9da036
87	50	859262cb61
88	51	213a16fad7
89	203	c237fc68b5
90	18	ae679c0c94
91	224	b2b873e045
92	122	1410a18c15
93	93	cfa40673a3
94	116	a0d3215992
95	141	ec63fbf949
96	248	ba3093e7d1
97	148	6ad2d9cc13
98	75	3fcf07d207
99	138	b782c5b103
100	29	58669c6b14
101	27	0125451743
102	229	e8f05a94dd
103	136	a71c0ce39b
104	28	2664e8fbe4
105	213	7939cf4687
106	236	5d6754f5ac
107	71	cf0c29afca
108	231	fb8c37dc8e
109	242	6a0bbefc45
110	49	63c9ae06b0
111	129	1ca3f56b99
112	120	e35355d989
113	179	bd85ae694b
114	181	c692869940
115	249	520bf31743
116	207	96b1d137f2
117	116	dc71eb5f93
118	109	7491084c64
119	30	723219eeca
120	204	66b1c80d92
121	240	bed37f0c39
122	193	62b115a784
123	131	ee8ffe94ce
124	50	9765d3cc64
125	78	8e57072352
126	139	438f7314f5
127	24	8c15e290fc
128	183	5622aa0851
129	173	8201760807
130	161	0dbfcd0ff8
131	98	b992548d48
132	174	866d8b51ee
133	122	f3ad15d77f
134	91	86184fdc91
135	29	13836274ad
136	118	5e23a7c1aa
137	106	20646ef204
138	171	114917e4e3
139	61	3795e15e5b
140	54	3ec9cfa72d
141	114	58cd2e7ffc
142	162	4d45fd76fe
143	147	86d73d1fa3
144	93	e52e2ef9f2
145	140	aee48c5f51
146	136	81f6c92e5e
147	117	332e6af223
148	42	d2b9d1d32d
149	158	c77fa7e23c
150	10	0b2a01b21b
151	164	1abbe1ee37
152	237	08fb36810b
153	45	2fc92c335b
154	62	7e68f01611
155	53	40eb6c8d97
156	120	05b1cc7057
157	9	c05367b483
158	105	9472a14595
159	159	c2599af27c
160	70	a0b6364c03
161	239	94ccb0be95
162	151	104719ecb1
163	124	91ca53ee16
164	221	53ba513735
165	197	8e9ad79433
166	178	834d37f9a0
167	3	402cd933f1
168	44	7f18121d08
169	64	7aaa260642
170	24	8bb8974312
171	94	f52d8b0528
172	25	f3ff22df12
173	167	d161839a3e
174	212	b1bd55b5e9
175	104	bf3e7094bd
176	93	234c3ae4f4
177	196	fbb3fe3d0f
178	71	d14ca1ec0b
179	208	05f32b443f
180	7	19118119b8
181	130	fd1303d0be
182	241	84a8764018
183	153	6c15eeefd0
184	190	80a5c4fc61
185	202	375b47fc0d
186	53	4a8da5c0c7
187	136	33f2de4332
188	84	ea8412a653
189	158	d6bd697519
190	206	364b6d98c0
191	180	3b7543b02a
192	225	09cbf64861
193	232	04c3e36c35
194	60	93dc6e890e
195	247	2317bf2eff
196	8	44f597051b
197	49	2286abe646
198	160	a161838b69
199	78	e1a93ef99b
200	13	bc39789583
201	75	cca1c242a1
202	163	6a9a0d03d6
203	199	ac45df4893
204	107	5b8570d99d
205	188	8940ce1284
206	132	e0f2b0cbe7
207	130	7b1c545d41
208	33	5a6a9b47d9
209	54	4578ea2f77
210	56	f3dfcd00c8
211	65	79551ddb07
212	71	8b037508c5
213	189	e5e173ec6a
214	28	df33786cba
215	95	12fcc25c41
216	46	e7f4dbdba9
217	117	9813ea269a
218	213	9790985539
219	216	dc820bbfe0
220	147	e4d3963152
221	146	cb954f8510
222	36	4d8833ac07
223	84	285a6377a4
224	15	acab13dce0
225	137	ad9f33b613
226	168	4d269a86ef
227	45	1b6a95f4b9
228	71	2790bdf5bc
229	4	bf0736cb19
230	63	1cb08c4cad
231	117	f2035eef57
232	150	3be5249d89
233	85	b964cfbfaf
234	79	3c6e414f8a
235	7	6d6e619346
236	243	c14f34fc54
237	38	659f61ff46
238	120	22071a01b7
239	28	0e84fca70b
240	81	becac90a1b
241	21	b6e8746aa8
242	78	5d970826a3
243	22	df030b7961
244	78	b605ef0391
245	97	9b72691340
246	47	73d6c3cf6a
247	201	d17347edc9
248	250	82a8e3b762
249	231	79ff7edb8b
250	17	8071093f3c
\.


--
-- Data for Name: rc4; Type: TABLE DATA; Schema: public; Owner: support
--

COPY public.rc4 (id, rc3_reference, rc4_value) FROM stdin;
1	2	18599eb9de
2	3	549a46f93f
3	4	682d87d9f3
4	5	27ca084fe2
5	6	eaeb4593a6
6	7	b3e73cc8b1
7	8	9e15035a9c
8	9	1faebcd542
9	10	d8edb7742d
10	11	ce400bf6e8
11	12	231dd7d842
12	13	1e2cae0f0e
13	14	ab298e7e03
14	15	f68fc0de86
15	16	1f549c15b1
16	17	7fe86fc500
17	18	f50e43a0b4
18	19	22b42d9c2b
19	20	60a2069e31
20	21	746fdc75e2
21	22	a6ecec6549
22	23	058afef24a
23	24	d157aa8788
24	25	c499360f91
25	26	703ae4f2a7
26	27	caf2545d44
27	28	641c640073
28	29	ef6b7b16dc
29	30	1a79824399
30	31	8fe564536f
31	32	c4ac07c3e6
32	33	5d103bab2f
33	34	8a81a33849
34	35	dbdeae2c90
35	36	48b40691fa
36	37	de6735083b
37	38	3d6b8f2380
38	39	51adfd1d3b
39	40	5214061852
40	41	b3480203c9
41	42	ff25a3e181
42	43	4fdb2bb431
43	44	4b0436d7e1
44	45	0b9be3da8c
45	46	8959900783
46	47	41318516ad
47	48	db4a0bbe93
48	49	0b2e450707
49	50	810305cb42
50	51	a922d22150
51	52	75638d31e9
52	53	72b28c906a
53	54	6ed5542b52
54	55	b8197b0759
55	56	be946815c9
56	57	912e91d639
57	58	bc33712821
58	59	135be90713
59	60	496a497d5e
60	61	31f9e0f028
61	62	d4b6e0081b
62	63	4764e4295a
63	64	b5a99c4850
64	65	f0fab4abd7
65	66	20b8296bb3
66	67	065627c52a
67	68	411e90d3a8
68	69	0e5082c3c7
69	70	a0f77693ce
70	71	2ae0892ed6
71	72	7bd8ed39ed
72	73	f8cea34e5b
73	74	8dafbc6d78
74	75	689d1df802
75	76	9b43394725
76	77	f79aede182
77	78	1c28804641
78	79	0ae66cd1cf
79	80	4df7ad30ff
80	81	38ed5cffda
81	82	2c17bca6e2
82	83	3eafdfe82a
83	84	e7c2e2c864
84	85	6bdc3e61b0
85	86	ffff0d8871
86	87	5ac6b68bca
87	88	8b10b13105
88	89	6618239d19
89	90	e278d0d3d0
90	91	89c605fe70
91	92	19106c804d
92	93	9df9b15876
93	94	33c400499a
94	95	c6794440e8
95	96	756e647444
96	97	36d0985eff
97	98	ae29200338
98	99	a2e995a910
99	100	a11911e48d
100	101	2435aa6d40
101	102	037052b4db
102	103	afea2df896
103	104	fdd6161052
104	105	65426c3c58
105	106	f8af391135
106	107	ff9225f50b
107	108	a68991732e
108	109	e0990563b6
109	110	0bc725f502
110	111	ea051172c1
111	112	f222da1196
112	113	35b01bee03
113	114	f7d3f3f6c7
114	115	1e3e9aa9e0
115	116	c1e31fcdd0
116	117	bcd7d8d0c5
117	118	e3ad3b4a58
118	119	59f63f5dd4
119	120	1737a819f2
120	121	5dc4c9ded3
121	122	1e3bb13d08
122	123	83a3d5adbb
123	124	82a09c7df9
124	125	d2eab74852
125	126	f77fd6f570
126	127	10ac1c7898
127	128	0ae4f9d794
128	129	c02ca8f83a
129	130	74ad82ea88
130	131	33fd08d636
131	132	1d30d3c47b
132	133	c14863ed2e
133	134	7e2e7c7cb5
134	135	5fc02c0ffc
135	136	621b131d63
136	137	a1092bdb78
137	138	0dfb2de08b
138	139	d71c76a0ba
139	140	77c33212dd
140	141	81dbbcd885
141	142	cbcd11854a
142	143	ad00d2df73
143	144	f5a6cadb0c
144	145	0d73fd7df3
145	146	aef0fdbbc3
146	147	1b2c3d1403
147	148	843f19bb22
148	149	761966359b
149	150	a2e8961e40
150	151	773bf841ef
151	152	9c7eb76e69
152	153	0b67fb4427
153	154	2c756f4bdc
154	155	5b35a8e569
155	156	157f3d813d
156	157	de3eea3483
157	158	b531e6caa4
158	159	ca1fe3b78f
159	160	4c87e22c26
160	161	b3b1483f6d
161	162	1733270f6b
162	163	7e75326236
163	164	b45dcb3563
164	165	9e029d0756
165	166	dcbab43343
166	167	7d80df7b7f
167	168	e251980e30
168	169	e9f163f843
169	170	df2eecc130
170	171	59bfe1b02f
171	172	d6d4553aea
172	173	b79b6fd8e7
173	174	cd050ae8f6
174	175	5de140bfaf
175	176	5c507c82d3
176	177	c898dc3bf0
177	178	e882a6f064
178	179	66a4721f9d
179	180	ecf26b6d1e
180	181	464be2609b
181	182	e5436c85c9
182	183	25cb4f9005
183	184	1aeba0658d
184	185	f8f57e7342
185	186	f793afb4d0
186	187	d53c2c97e6
187	188	cfff4209d9
188	189	d9badd93b8
189	190	3913d79398
190	191	44e4e37b2d
191	192	dbe90be503
192	193	4cdf6c055d
193	194	2812c43abe
194	195	a1e59b2963
195	196	4cbcafa58b
196	197	d5c383d8db
197	198	0801229857
198	199	37b18654b0
199	200	82b8a39942
200	201	06f8413420
201	202	782d19f592
202	203	573cf5efc1
203	204	6c14e41680
204	205	b4ccbb5fde
205	206	fb8139c60f
206	207	d465417971
207	208	036343b0e7
208	209	66b110858b
209	210	872272e242
210	211	44ddeba916
211	212	4049654657
212	213	99fc0e0475
213	214	932b985628
214	215	03dbbac8f1
215	216	650f2a7d4a
216	217	0ea29ea662
217	218	1a0981ed1a
218	219	711b7e5183
219	220	673c5a3c41
220	221	e68e149aee
221	222	7d765319b9
222	223	107a30428a
223	224	90d5151632
224	225	e41b886f55
225	226	8244087d13
226	227	648f2b265a
227	228	783d968464
228	229	c8ce800661
229	230	d2a1707488
230	231	e95dffd375
231	232	744ca86909
232	233	022e7ddb05
233	234	23653eb0b5
234	235	a0818d38ef
235	236	26fa315f84
236	237	3196bf658a
237	238	e241724721
238	239	c57e59d67d
239	240	797c7e37b5
240	241	bc88dcf3bc
241	242	8055430d6a
242	243	8899d6c4f9
243	244	6d9990e326
244	245	a9425f5439
245	246	3c669bfe93
246	247	e1137fcf1f
247	248	ecba701b78
248	249	e86ac9d3a0
249	250	1798949ac1
250	1	9e09d66876
251	2	098667974c
252	3	28ed4a01b4
253	4	b3c8c8ebbb
254	5	1f28b3f8b1
255	6	360f55a60b
256	7	a6cdb4e7b9
257	8	46ac32aff3
258	9	88549b7bce
259	10	8b5b3120f4
260	11	deb49e5bc3
261	12	9a58967778
262	13	616677bc23
263	14	7f8155e881
264	15	47152e419e
265	16	2f51979b7b
266	17	02c384e409
267	18	80841a8759
268	19	eec8cc0b51
269	20	05cc50bd29
270	21	d768105738
271	22	37b2474308
272	23	b48b132ddb
273	24	18b39a581d
274	25	3f95dd497c
275	26	f371e0ea74
276	27	4639b810cf
277	28	f2d306dd35
278	29	a43fb7d05e
279	30	aa4632cea1
280	31	c6c6d00271
281	32	b99cf5779a
282	33	ff36beca5b
283	34	c6eb38fe9d
284	35	bbe49f1c7e
285	36	05bbca7463
286	37	b9ad45917d
287	38	aa2c3a22c7
288	39	839c906db3
289	40	da670f5a31
290	41	7519c2a639
291	42	3e8c00e53d
292	43	f1b922c15e
293	44	d6e7051fa9
294	45	8da8817759
295	46	bb3444b012
296	47	4a641cf701
297	48	8ce2eb9723
298	49	918a59d8e1
299	50	a90af284cc
300	51	2d0af93a99
301	52	0f97f5b89e
302	53	fa564beb2b
303	54	83b757f46e
304	55	99b2315671
305	56	d023f9d9cc
306	57	5b0de8e93d
307	58	db0ba8615b
308	59	1b3de6a0f6
309	60	4fedeab78f
310	61	e8875b65ef
311	62	101b8c7f14
312	63	3000980959
313	64	fbe39e4fae
314	65	ce3b611e51
315	66	f42f6f12de
316	67	87bd160d81
317	68	34ffe96de8
318	69	2199623b0f
319	70	12994509e6
320	71	0a744494c9
321	72	e49c31972e
322	73	d46be70fc9
323	74	cc7867f871
324	75	05b1b58ec8
325	76	e13044cba8
326	77	a6187afcd3
327	78	e667ff5e41
328	79	277bbb1ed0
329	80	c5c78b615d
330	81	dd0498d5bb
331	82	3c94f729a7
332	83	e9f659c961
333	84	c3a479913c
334	85	8e129be09e
335	86	e2603d5177
336	87	3f0f84b012
337	88	2fbd83247b
338	89	ec43b0e19e
339	90	7676fb2ec6
340	91	b16a309219
341	92	89a82d3c53
342	93	e930d691f1
343	94	becb8065f9
344	95	2f4e0fb219
345	96	a25669711d
346	97	75b750870d
347	98	b1d583e57f
348	99	213a203219
349	100	0c008ecd52
350	101	91d977848b
351	102	533ff51d6b
352	103	1704fc14ee
353	104	efb825203d
354	105	0e8aee4ca9
355	106	75be5b5612
356	107	61ead1d646
357	108	dcd9349a11
358	109	214e00bf1a
359	110	26e0603abd
360	111	8fd7f50cb5
361	112	78ba866b16
362	113	8c8ebf254a
363	114	50c50bc700
364	115	f3097b56b4
365	116	b4324f1631
366	117	a40fee41de
367	118	c891f2c13c
368	119	2c04b1ead8
369	120	7535ac1f3d
370	121	65d3b82ef6
371	122	0315e1bcb9
372	123	7e17b0e24b
373	124	c189dfb486
374	125	f73d3fe46a
375	126	25f9e3abe7
376	127	94274bd2d8
377	128	6acec644ec
378	129	793ed24df7
379	130	7dd77137cf
380	131	63107814f1
381	132	f8beb1eb98
382	133	2a71a0bd39
383	134	0ac70ec218
384	135	5fd42592cf
385	136	ea97f94a64
386	137	c4ed030b7c
387	138	32c0514222
388	139	88d2fe5f24
389	140	af427aa3fa
390	141	e774a7a0d6
391	142	458e9e075b
392	143	e0ba1fb856
393	144	8ec8484082
394	145	3454ccbff5
395	146	039c16915f
396	147	fe182d1452
397	148	c5a8f7622b
398	149	45aba9a0f8
399	150	573ff3c109
400	151	c2c1d15761
401	152	b60348b06e
402	153	d890aa403f
403	154	d44c13a28b
404	155	0e29ed7386
405	156	64903227fa
406	157	c419f04f70
407	158	d49e0da17c
408	159	72f9080d17
409	160	e76ee2d537
410	161	9ee5bdb9cf
411	162	b9a0d15a20
412	163	9d60dbc918
413	164	44e950c50f
414	165	eaca9c0fcd
415	166	201bfde8e4
416	167	f42a8fc98c
417	168	ef2f272a1a
418	169	ced3f6e625
419	170	751451c9fc
420	171	17b88baa21
421	172	8a5139e431
422	173	ed40adef58
423	174	aec84ff5b5
424	175	af5c157ffe
425	176	98c46974be
426	177	24994036e6
427	178	b018617e19
428	179	a7c5987781
429	180	23f6e7a2cb
430	181	b30ad8656d
431	182	68557d1cfb
432	183	1a20268aee
433	184	2c35c4cac4
434	185	17651e0930
435	186	3e6fa40041
436	187	4f0013304c
437	188	661087a35c
438	189	b59c910d1d
439	190	ac8c4137c5
440	191	28a51b773f
441	192	f42578459c
442	193	3960c72109
443	194	02c8e73459
444	195	a334cce226
445	196	1c91378023
446	197	34235a378a
447	198	eebe95401e
448	199	8f7423601b
449	200	b790d659ce
450	201	6cd429c5db
451	202	b8de7f97c7
452	203	adc64ff716
453	204	dab9fde76f
454	205	28c6703459
455	206	71b663f412
456	207	3dc4927df4
457	208	0facbeef32
458	209	6caa648bf7
459	210	351706be3b
460	211	8dc04bdff6
461	212	9cd7e0940e
462	213	82820ce9b0
463	214	774edfc6a2
464	215	b49b125389
465	216	efd1655f64
466	217	485ff02e22
467	218	3e7a919be7
468	219	496ff6220b
469	220	5b96079eeb
470	221	8490aa75eb
471	222	a33fc7ff94
472	223	4971746b62
473	224	804f80c713
474	225	36134a2cb9
475	226	8237a7cb48
476	227	44c0399434
477	228	48a96ccaeb
478	229	7b793cb171
479	230	2ed5e2016a
480	231	6d7bb785d3
481	232	f75552ddce
482	233	51dcf92122
483	234	409722020c
484	235	b70512897c
485	236	b2d3575880
486	237	c9b7f49f0b
487	238	ae20a0f86f
488	239	08c8d1d667
489	240	3a307d1863
490	241	8111204d86
491	242	0457154ba4
492	243	6b9c8bcc5c
493	244	625acb5e4d
494	245	1be5d6cf95
495	246	1229626d30
496	247	60232cfeb6
497	248	8898469d7c
498	249	8133128ac4
499	250	2723aedeca
500	1	6ab841b6d2
501	2	f14f421af0
502	3	843502abb3
503	4	646753f8c7
504	5	a1de9c9eb0
505	6	af0c80e3a0
506	7	3f5f893660
507	8	20fead65fb
508	9	4c3b63ef3d
509	10	1fcf1f9994
510	11	e455efac8a
511	12	b70fd12180
512	13	9bc56a9e32
513	14	c287acf20c
514	15	bbbd47d75b
515	16	cecd7e9c65
516	17	b2321e0e48
517	18	0d90de8774
518	19	182992c40f
519	20	f560b82106
520	21	dee23e26cc
521	22	855c2d2fd7
522	23	9ab66a63c0
523	24	ae16b91df3
524	25	e75b5b4c1a
525	26	93e977f8de
526	27	852332c5d5
527	28	8b5cf31071
528	29	4ef062ff01
529	30	8387ea2c4f
530	31	88336ef4e6
531	32	b3768cf9b2
532	33	9a2c326858
533	34	6bdc7c2018
534	35	3d7e9e2fae
535	36	458d5611b7
536	37	99d494dd46
537	38	d780fc0579
538	39	42755565bf
539	40	5a48b8f1cf
540	41	5d1fdc8b6a
541	42	cce27ed7a8
542	43	4277d01780
543	44	453584aec8
544	45	7d34eb5964
545	46	480a959cd0
546	47	adc6dd3e49
547	48	56d98f092a
548	49	bf27a3c7f3
549	50	530cff0059
550	51	6341b3629b
551	52	4c33b6bdb0
552	53	047e8633c4
553	54	088e17920b
554	55	626f794362
555	56	f873fcffc0
556	57	d8503e79e9
557	58	52e5c96735
558	59	35ebf8704c
559	60	9ea73062e4
560	61	1d871eaf9e
561	62	8dee678fe9
562	63	80628a764e
563	64	eb4389bf10
564	65	ea20afaea0
565	66	3dd9f46cfa
566	67	4e60136d74
567	68	3cb8a97574
568	69	4c3c3dc6a6
569	70	7186dca3b9
570	71	b9cbc4d3de
571	72	c5e7023750
572	73	49db0d4f51
573	74	365147524d
574	75	27357781a6
575	76	b397e2202d
576	77	1676776821
577	78	a4381252d3
578	79	dad7677c07
579	80	89e71bdc76
580	81	b9aa36ea66
581	82	cd8cfd864c
582	83	645b560db5
583	84	cdeb4321bd
584	85	0512351a0f
585	86	b67b0e4f14
586	87	51bad54340
587	88	17849a6624
588	89	f08fa6b2ad
589	90	9b29781557
590	91	821b6fcb70
591	92	2145da7c55
592	93	6c94126f5a
593	94	d38ea1e18e
594	95	b00240bf2b
595	96	e0bde86854
596	97	fec4c5e54a
597	98	b6fba7a71e
598	99	d24794eae3
599	100	d1f8eef38e
600	101	1de2eedc59
601	102	e9056a5a8c
602	103	5f6c301775
603	104	14086f7ec0
604	105	6e221bbb65
605	106	dafcad475f
606	107	94f2ee69b9
607	108	f949b95628
608	109	6ccf393abb
609	110	e3ee79d6b9
610	111	fe30542256
611	112	19d5749e72
612	113	b3dcd56301
613	114	5583ccb5c1
614	115	a9ff97ff04
615	116	8c136fbb99
616	117	76afc14b7e
617	118	cf0ba9043d
618	119	e1a6bc9ccc
619	120	9d5eea60b4
620	121	e64633b334
621	122	b4f6764731
622	123	5010f73b67
623	124	005be2aad1
624	125	1d0979668d
625	126	95e986a05f
626	127	834bcf8cc4
627	128	0e0afcbca8
628	129	6568f47bb3
629	130	5e4e40f785
630	131	3df4aca0bc
631	132	621bd5c2f1
632	133	6610ed035f
633	134	174d1e8535
634	135	0a885baedc
635	136	d02db7065b
636	137	f0d14a6fdd
637	138	744dcef5ba
638	139	2381a09da0
639	140	0c8d5a17d5
640	141	51117c56f2
641	142	f5d92da46f
642	143	9318783918
643	144	06bd4b8f11
644	145	91e2aad6d7
645	146	db5b050885
646	147	839ae25a48
647	148	36a3109496
648	149	f4c9c53ff1
649	150	ad9862bd3e
650	151	858e312a49
651	152	e87132b66b
652	153	52d0ed5e0e
653	154	282b789159
654	155	4565c798ea
655	156	41443a5dad
656	157	e9676d77c5
657	158	d54d674c70
658	159	d357199072
659	160	c489c62669
660	161	4beee7098a
661	162	eee6bce22d
662	163	8a05d32282
663	164	3a584c58ea
664	165	ad6f321241
665	166	406588c4e0
666	167	6e16ea4876
667	168	22f84bf541
668	169	59c96e5ab4
669	170	257e1d1c19
670	171	83ea5ef155
671	172	fcfd773e6d
672	173	90e9dd283f
673	174	97b19baec3
674	175	6f4545e258
675	176	7400d13080
676	177	d39b1dc15c
677	178	d963515a7b
678	179	578d5fd0b9
679	180	c0dcb49d41
680	181	c94ad1dbc6
681	182	c0d1a617ca
682	183	a2cb916357
683	184	d373d0051a
684	185	0adc26e9e0
685	186	b111ea41c0
686	187	f933376d65
687	188	e8b2aa3377
688	189	a4aa93c43c
689	190	bc64112363
690	191	51117f6d00
691	192	802e48d229
692	193	89a1456d72
693	194	da2505f347
694	195	0819cc8b1f
695	196	977be01dc2
696	197	391dd77c31
697	198	75ae8d500f
698	199	551943da01
699	200	b7d3ad62f7
700	201	c0b1142ca6
701	202	a180529946
702	203	9d76ac3f02
703	204	ad0c7612bb
704	205	7af824e757
705	206	a1e9b2486d
706	207	a162ebe86f
707	208	d43f1adbf9
708	209	1961519782
709	210	96147f47f2
710	211	1734412525
711	212	f31f34bd05
712	213	11869d978d
713	214	4e835d38a2
714	215	1d26579840
715	216	4fb5c4d304
716	217	a85b7e0be4
717	218	03976ed498
718	219	232925ca9a
719	220	d1ad436cc3
720	221	a434f7ed0b
721	222	560d4cd803
722	223	a16771ddb1
723	224	7b0b1f5abd
724	225	2c26dd6b37
725	226	fac7d30475
726	227	0aeb13fd37
727	228	6c63b58109
728	229	bc7ad7a91a
729	230	25060b21ac
730	231	06cdb379c7
731	232	90d2328ca6
732	233	1e80fbb83e
733	234	794073fe96
734	235	1040c6d5ee
735	236	97bedbf8c5
736	237	2b445d7305
737	238	f3bea7d339
738	239	1332399221
739	240	b1e2dd7600
740	241	879bbb7350
741	242	713791396f
742	243	fca65a8b62
743	244	af83ab2b52
744	245	dfebe16899
745	246	fdf0510a74
746	247	3e656d3fd7
747	248	7ac9d2c738
748	249	0f3aa480a4
749	250	0f8c1d1d6e
750	1	a921eb7a0f
751	2	83075141a9
752	3	44cbb8afdd
753	4	38d81549b3
754	5	6da874bb79
755	6	bc59ca66b1
756	7	4cfcd5db82
757	8	33361857d5
758	9	81fffbdec8
759	10	27439e3ce1
760	11	810a410ab8
761	12	faf1b8d232
762	13	1e89eacdf9
763	14	15ab5e9c7c
764	15	d14df5dacb
765	16	b16d20b585
766	17	b41d6df094
767	18	162c124a39
768	19	2d6c1380f7
769	20	ab4e83f09b
770	21	d16f59e3c9
771	22	e52c106ed4
772	23	1c3e1480c6
773	24	2127ee2311
774	25	9a28869a32
775	26	c3443f3f8a
776	27	9694441606
777	28	a1bab3a275
778	29	fee5500115
779	30	2b8579d503
780	31	23c943a57f
781	32	42b0b61a19
782	33	e638a11b10
783	34	b96b9a20a4
784	35	80fdbb730d
785	36	168c7870d5
786	37	40ccdbdcb4
787	38	6105ff9d9a
788	39	ae50721a26
789	40	b51cf036e3
790	41	91143c3ab6
791	42	4ebb968fc3
792	43	ee0660dff7
793	44	5943f9c3af
794	45	cce50cb624
795	46	c882bb2307
796	47	016ad19ea7
797	48	e1dca48e96
798	49	200219a01b
799	50	184796524b
800	51	b0039be326
801	52	3a7f756e67
802	53	9daecb32b0
803	54	c94f90de62
804	55	0553387a13
805	56	444bfe1a52
806	57	cc7eb8b912
807	58	cff367d1f5
808	59	173fae18b0
809	60	3338a85a46
810	61	5095836a42
811	62	cfb3777d6e
812	63	2f2294c19f
813	64	e2bc519807
814	65	f2dd9d6c1a
815	66	a9492a4dcb
816	67	a1c0a1cc5f
817	68	3f0d84690e
818	69	ebe6cfe0dd
819	70	43d307e034
820	71	972a6bef1a
821	72	81dca48709
822	73	943c8a7734
823	74	ec3c633adb
824	75	d5c86a019e
825	76	7c49fdfa2f
826	77	911e02f487
827	78	c8844d0deb
828	79	18926e87cb
829	80	019c803176
830	81	74a0170302
831	82	bb94f4113f
832	83	23da139839
833	84	aa4984a991
834	85	615cb222e5
835	86	d286a93053
836	87	4bc08fa5e4
837	88	e4d663f91a
838	89	795d9f54da
839	90	b15f837e8d
840	91	6a9a7d242b
841	92	72af91e343
842	93	ecb0e6af6a
843	94	5a5851810b
844	95	5480a238a1
845	96	f4627ac9cc
846	97	d4269c4dcd
847	98	c64a3b13b4
848	99	83596f30ae
849	100	71b16cf574
850	101	0e0bc07bac
851	102	5daf9494ef
852	103	1acea25f5d
853	104	3f0712c54a
854	105	82185ff229
855	106	3a13035959
856	107	5e6fce09cb
857	108	db49523581
858	109	0ac605170b
859	110	e9d16f3d52
860	111	7646a1abc0
861	112	ebc1c8afc0
862	113	071b73948c
863	114	5fa8478769
864	115	3010457c57
865	116	96c152b8a6
866	117	4990608449
867	118	2db89c5562
868	119	c83898a903
869	120	e8612fc62f
870	121	9f0d77f4c3
871	122	9e56235fb7
872	123	bd24d24355
873	124	ee322ded4f
874	125	b127f843b0
875	126	09e31935eb
876	127	b08d78ee28
877	128	c0e35a0101
878	129	9b50e78bf1
879	130	2708d880f2
880	131	abbb5e11ab
881	132	1b962e052f
882	133	a87e7f4ab1
883	134	98ef8c6bd0
884	135	5645bb95cb
885	136	e2f72731dd
886	137	e1a47d601d
887	138	682939623b
888	139	45067a138c
889	140	8968b2561b
890	141	98ef4e077c
891	142	a4e7f351c1
892	143	fef79c8a98
893	144	f9125df560
894	145	6f10165326
895	146	6fdcb5138d
896	147	863a1a84b1
897	148	b831435ce4
898	149	55e67d9be0
899	150	a0ae1991ef
900	151	1261ba56f2
901	152	00f8ecd008
902	153	b5636cd6d8
903	154	937781eb50
904	155	0b15b016fe
905	156	6e254b15d0
906	157	89c4b853a7
907	158	7a5d18e10c
908	159	0ad2509423
909	160	27ea77d5c4
910	161	68a78f8d7f
911	162	cc9cca27a2
912	163	bd491b649c
913	164	424ad4fd72
914	165	3272fb1a11
915	166	8a53755bca
916	167	25271124a8
917	168	e1d6a7ea5c
918	169	690518a902
919	170	ed41ba5187
920	171	278157f67d
921	172	0bd7944149
922	173	7aa9ee0cbc
923	174	e064aacbeb
924	175	18bc2f6fe6
925	176	8aa788f1e7
926	177	9666f671fd
927	178	759707004f
928	179	bcf1d4ac6f
929	180	4d00b74e54
930	181	386550ce93
931	182	fe0944b982
932	183	0f10321e5d
933	184	e704c5748a
934	185	5f5d6ccaae
935	186	97f97cc53f
936	187	98c47efbf8
937	188	8e43b64ac9
938	189	5c104577ec
939	190	7c05aacaab
940	191	c3f6d7534f
941	192	6d8e495e49
942	193	52490a64af
943	194	bfde8727d6
944	195	a0a079e905
945	196	83faf17de2
946	197	96cdd4c2d8
947	198	b3ab306809
948	199	86b9511429
949	200	7c64beab8d
950	201	a468d46562
951	202	235cfaa642
952	203	4472028155
953	204	b58793f6de
954	205	0521c35b89
955	206	bb7d8b7dc1
956	207	7624463014
957	208	eeebefae2f
958	209	9147e6aec6
959	210	12bc809dc8
960	211	27723736f0
961	212	338ac15f38
962	213	0cdea61a0d
963	214	2ef56bd09f
964	215	26196b30a4
965	216	d6896f7179
966	217	a363774782
967	218	1d44a390d9
968	219	f523309263
969	220	bbf7fd3cb2
970	221	82d110a0de
971	222	3c3362dcb9
972	223	7fb867afe2
973	224	f7c412d443
974	225	495ba7c0ca
975	226	59dccecef2
976	227	496b8dc3e5
977	228	d64e8ecb0e
978	229	7b08e4fc5a
979	230	28f8b44a4f
980	231	800eb4ca27
981	232	f564f70688
982	233	2248bf9a00
983	234	caddb79150
984	235	da682cd7d0
985	236	d8c25799c2
986	237	397a70bff9
987	238	3cc05daf5e
988	239	0eac97f8f1
989	240	6819396b32
990	241	d9ac746845
991	242	328e30648a
992	243	43a82c219e
993	244	177ee578e2
994	245	cbb3a032d5
995	246	7a6aac34b8
996	247	500d01656f
997	248	03067a2d96
998	249	61b95fdf29
999	250	34e89f7aca
1000	1	a6a2a3b0ff
1001	2	cbe84ba358
1002	3	621e75fbe9
1003	4	fabc31aed6
1004	5	7dc58fce59
1005	6	a7e8dc89f8
1006	7	67177e41e6
1007	8	a91e1b436c
1008	9	0b9466e297
1009	10	9176da1cb7
1010	11	163439077e
1011	12	8990a3f660
1012	13	0572b71215
1013	14	c0250ee043
1014	15	9c085f4efb
1015	16	b8c446ce1d
1016	17	1893ea7cd8
1017	18	a8baa40575
1018	19	589022fc7e
1019	20	ab27ca21d2
1020	21	5ae3e72e75
1021	22	621f7abec0
1022	23	dc5ab0f163
1023	24	5bf5fab88b
1024	25	f3e8cc21fa
1025	26	2dd89d95d1
1026	27	6cd1663220
1027	28	a2c2614ab7
1028	29	82418ce0ec
1029	30	6ffb746d07
1030	31	4254f76184
1031	32	2fdbc9881f
1032	33	5421d86d7b
1033	34	e7202e3ae2
1034	35	814b3f04e1
1035	36	a5e3e2a18a
1036	37	e5e79b0c4c
1037	38	1ef9fb1911
1038	39	5a03123593
1039	40	dfb9c2e75e
1040	41	f56deb3726
1041	42	ddf9b63416
1042	43	2a2315d3d0
1043	44	a148402aeb
1044	45	fb44e483eb
1045	46	5e315f3127
1046	47	485727a8f2
1047	48	d2f1d3c723
1048	49	e5221e576f
1049	50	f9efda47e9
1050	51	933b3dcfd0
1051	52	0859a4f387
1052	53	2906079a3f
1053	54	d9894b1eba
1054	55	decf53dcf7
1055	56	2b481808d4
1056	57	55411dd9e3
1057	58	f530c95f78
1058	59	c3035ab1d1
1059	60	cd2b1e3cb0
1060	61	223e71dfc3
1061	62	f020c0a939
1062	63	fa166a9552
1063	64	295a34fc55
1064	65	a6f8800888
1065	66	201e589c2e
1066	67	af3f8b0789
1067	68	4f48862c90
1068	69	37c0714a06
1069	70	36bf0b6424
1070	71	2124dc985d
1071	72	f8917cd3e6
1072	73	d954a4f69a
1073	74	e498b885a8
1074	75	059f515740
1075	76	50448a2eb2
1076	77	b70da3d226
1077	78	15eec6c427
1078	79	1cdc1c871d
1079	80	bea972645c
1080	81	4a28914da3
1081	82	54c1e1d703
1082	83	4a94509f6c
1083	84	7d942bd143
1084	85	a7848c26f6
1085	86	8208b0ce51
1086	87	7bdee63886
1087	88	2de193e64f
1088	89	92e85d2090
1089	90	5b593ece8a
1090	91	74aad21c18
1091	92	57f748202b
1092	93	9b574d2a2f
1093	94	049a861b3b
1094	95	d1fa71c2b1
1095	96	9609ce3a34
1096	97	586c670697
1097	98	b9e4b72cb3
1098	99	bb4c449a8c
1099	100	d130be5c1c
1100	101	d81186f8ba
1101	102	3fd2d1996a
1102	103	ebaf8b2869
1103	104	315088816f
1104	105	a5f562e550
1105	106	e4e690dc36
1106	107	8695fcc371
1107	108	86678aace4
1108	109	c0ea7bb322
1109	110	4abf23d1ec
1110	111	8bbbc5356e
1111	112	8023f47623
1112	113	c246209a57
1113	114	be7cb88386
1114	115	af0740afc0
1115	116	8070547af0
1116	117	426b087458
1117	118	a6ba1a264d
1118	119	5fa1e787f1
1119	120	b6678317f7
1120	121	add3d5a2a6
1121	122	f60cae3a5b
1122	123	f921548da8
1123	124	adc5180c22
1124	125	fa319928b6
1125	126	6a0862c1be
1126	127	2027eb83af
1127	128	e735db3db1
1128	129	7a3ce744b2
1129	130	dff6fc7c4b
1130	131	ce985f7f52
1131	132	f3970a1eaf
1132	133	dd02ed537b
1133	134	556ec11902
1134	135	6bb55626cc
1135	136	7fd86d5f52
1136	137	8fa1b4527e
1137	138	50971ff7e9
1138	139	b575a7283d
1139	140	0b3c3709ac
1140	141	3cd38250ff
1141	142	801611b87c
1142	143	c5c2608e52
1143	144	81b5fac24e
1144	145	a4e9629c1e
1145	146	a6146c3d0d
1146	147	5e76a20ab5
1147	148	4c1cd8be06
1148	149	b671f1e914
1149	150	8e2ae9a996
1150	151	a93a3f1cd8
1151	152	49e2868795
1152	153	495f103d5f
1153	154	a6b88a7a9c
1154	155	6165e63d4a
1155	156	83c0ed80f3
1156	157	6c0b6341d5
1157	158	a1b6e52f0e
1158	159	996d9b3fa0
1159	160	975e718ac3
1160	161	b9640b0fa0
1161	162	2e9ab3d4c9
1162	163	b1212f1991
1163	164	d4233a151a
1164	165	d5276afb86
1165	166	0560b81232
1166	167	5bde0f3450
1167	168	7231c9db6e
1168	169	65f64d0a40
1169	170	1cc6f4744a
1170	171	5f9898ab6f
1171	172	486a39eb81
1172	173	d2f38614f7
1173	174	bedd94d19d
1174	175	712cb1516e
1175	176	84b586dc14
1176	177	ce631e17c6
1177	178	04d31e676a
1178	179	bfddc67cb5
1179	180	a53a17ddee
1180	181	9b5522ac22
1181	182	67a9facc88
1182	183	9e2fcbbca9
1183	184	0155068875
1184	185	5acf21ae48
1185	186	0ba211a629
1186	187	ce443b377f
1187	188	780b20dc18
1188	189	df6ae12228
1189	190	72f1481a88
1190	191	54b0a455cb
1191	192	19ba951db5
1192	193	47f9724c86
1193	194	d1c51b9a84
1194	195	5433fee60e
1195	196	d001fa0f3d
1196	197	56ddbcc662
1197	198	f1eac44dac
1198	199	edeec6ec13
1199	200	df8d2a0bbc
1200	201	6e394c383d
1201	202	e182504cec
1202	203	529ee98b98
1203	204	f1019a86b2
1204	205	bd3cbf397c
1205	206	4e1d11432d
1206	207	157a89d65b
1207	208	922992a60d
1208	209	76d30bf127
1209	210	4e017ebc54
1210	211	ace676a6a3
1211	212	323e49c86b
1212	213	a36a23c02f
1213	214	41586b2602
1214	215	84b7a9cd47
1215	216	9eaf472cba
1216	217	535babd5ca
1217	218	e11cf00c2b
1218	219	059c901b2f
1219	220	de55785cf1
1220	221	c612529ed6
1221	222	42ca8e6911
1222	223	9577377fb8
1223	224	daf40f71f1
1224	225	94cd9168df
1225	226	426b07a950
1226	227	31349ffd74
1227	228	02de3783e0
1228	229	02ccc85923
1229	230	b75c01fb32
1230	231	f683846512
1231	232	e49dc51350
1232	233	d153688ba8
1233	234	bdd4aac2be
1234	235	a4b11d43a0
1235	236	da1ea50453
1236	237	dddaf5b50c
1237	238	6f9c53402b
1238	239	05e93d31a8
1239	240	20bdc301c2
1240	241	24e3044a62
1241	242	62a9603ee7
1242	243	cfe8cfae55
1243	244	f17d3af137
1244	245	105c72b274
1245	246	16b063c1b4
1246	247	7543b73799
1247	248	95d7193aa1
1248	249	14c50c0345
1249	250	5cf8022560
1250	1	77f2ee75c3
1251	2	94ae6213c8
1252	3	3cfa7d77b7
1253	4	1a283575fa
1254	5	55f4cd5884
1255	6	0f9cae97de
1256	7	96e37d57a8
1257	8	2097acecc5
1258	9	8c75947f72
1259	10	bef10246e5
1260	11	3a299177d9
1261	12	4e69c90021
1262	13	91a6ed00c4
1263	14	506969dd7c
1264	15	82c5ed07d2
1265	16	63f1eb1838
1266	17	cc20458443
1267	18	eae78c6c15
1268	19	bc391cf5e1
1269	20	ebfd5651c8
1270	21	6425698106
1271	22	58f84aea23
1272	23	fba0343ebc
1273	24	3db4d08fe3
1274	25	ec2703f62a
1275	26	1aeff85e76
1276	27	ceb7342826
1277	28	1e8a7227f1
1278	29	5b71511e21
1279	30	3b19871013
1280	31	342a8b3c30
1281	32	383c390818
1282	33	f3df7d73b3
1283	34	9221db1a3a
1284	35	c968e26980
1285	36	908eeb4992
1286	37	fb2c1ce727
1287	38	cb4ba068d8
1288	39	543baa3d23
1289	40	fd532b0cbe
1290	41	02ed7d4110
1291	42	9addfa2499
1292	43	661692d74c
1293	44	ef559fa182
1294	45	3b0a53e263
1295	46	37b2d9b35c
1296	47	e85d174fa7
1297	48	6fb2afb271
1298	49	8eae24767f
1299	50	9a43824266
1300	51	b69b700158
1301	52	71cbccf20a
1302	53	1d6f25b91f
1303	54	4cd9d509e9
1304	55	ee2222247a
1305	56	2398941dde
1306	57	7820cbfad6
1307	58	74066776df
1308	59	019a9cbb70
1309	60	6bc000d6f4
1310	61	41312661e3
1311	62	68b7e33ff6
1312	63	5feeaa4b2a
1313	64	808468acbe
1314	65	b738195893
1315	66	ef1a2eac99
1316	67	27670078cb
1317	68	34b9727b7a
1318	69	ad1c133a68
1319	70	37485ef1a0
1320	71	aded4314f4
1321	72	43615f5caf
1322	73	3138c6f0ed
1323	74	a75e984e66
1324	75	5c720807db
1325	76	d429258884
1326	77	9b0351cd92
1327	78	93305ee1eb
1328	79	0f3ad96af8
1329	80	5e642468c4
1330	81	a575137351
1331	82	af3b53d321
1332	83	aeb46313ef
1333	84	d7b1bba348
1334	85	6feef01fd9
1335	86	53f5c85cbf
1336	87	d460ef94a4
1337	88	8a37eafadc
1338	89	20ca6fbd51
1339	90	83d8160c8d
1340	91	21c6f0f366
1341	92	aa79163759
1342	93	43f1c7886d
1343	94	e4ecd6b1ac
1344	95	6421f9fb52
1345	96	16945b7768
1346	97	78d47bc06e
1347	98	b36060328d
1348	99	46bcaf4c21
1349	100	415cad2121
1350	101	7c8d245b5e
1351	102	e2f6e198f8
1352	103	dc98267c17
1353	104	68d21bc1bd
1354	105	639c23dcdc
1355	106	65ff1b3cc2
1356	107	28a3d2a0aa
1357	108	5cacbbf86e
1358	109	f29f5037c8
1359	110	518d83cfbb
1360	111	e34a9b376a
1361	112	80b74818ff
1362	113	972f8147de
1363	114	7409eb5c76
1364	115	766d2ff324
1365	116	4664137ce1
1366	117	b7a4b76376
1367	118	efce25da11
1368	119	339272a38c
1369	120	23cbff97dc
1370	121	ce64e61750
1371	122	af0b85abbb
1372	123	175edf524e
1373	124	7aecdc5ebc
1374	125	13e1ac1a72
1375	126	9c6849311d
1376	127	d4297aad56
1377	128	8fbe2a4987
1378	129	a0e53a4633
1379	130	9c55b9a6fb
1380	131	a8aa8c2917
1381	132	5fb037dd88
1382	133	ae97353e0c
1383	134	b023b369e7
1384	135	13c322e985
1385	136	2977908acf
1386	137	2de48c43b5
1387	138	d113c94ecf
1388	139	e9c3e2ed91
1389	140	ce11d26b92
1390	141	4d57c6b741
1391	142	ce841e5651
1392	143	d36b8331a2
1393	144	3b75b572ff
1394	145	6e11158266
1395	146	6764be4bfc
1396	147	4b48ecd2c8
1397	148	c01e659a44
1398	149	ab3dc82442
1399	150	4e0eacc269
1400	151	c811ad8881
1401	152	2cb2ecc679
1402	153	0b93f50b8e
1403	154	a303c1bcb1
1404	155	63f4f7f6f5
1405	156	f296b77508
1406	157	894cc280de
1407	158	bd3eb0ec18
1408	159	83830b0df3
1409	160	48a8a570d0
1410	161	5fa6aa6d7a
1411	162	c4d72981a4
1412	163	fa66d5e5e1
1413	164	50b28b95b5
1414	165	3312792fb9
1415	166	824aafcc2e
1416	167	871d7b434f
1417	168	dc7e0b9ab2
1418	169	1a65045b58
1419	170	13db6efef8
1420	171	be44f7f469
1421	172	f8cfb8f1ba
1422	173	f867082594
1423	174	a9efdc428e
1424	175	d57ada87b0
1425	176	631454988c
1426	177	3b6b713cd0
1427	178	e47e139d35
1428	179	d7fd8934fe
1429	180	710404bd39
1430	181	1f2deb384d
1431	182	947b43c486
1432	183	367c39f43f
1433	184	5ea32aad36
1434	185	a62cf59c97
1435	186	fbe9b4e07f
1436	187	5a58044f47
1437	188	a57b09f49c
1438	189	e614289e9e
1439	190	003120524f
1440	191	56f132a49c
1441	192	8c61d0ea37
1442	193	cbbf99470a
1443	194	b2d444ba18
1444	195	03ae0a99ad
1445	196	f86b3751e7
1446	197	373429fbf6
1447	198	c2e1b39190
1448	199	737721b08a
1449	200	4b3ebf2395
1450	201	24d502505d
1451	202	2abe694024
1452	203	59046246cf
1453	204	1f2a931cfa
1454	205	bcd0c14311
1455	206	b0de768e34
1456	207	27bcade23b
1457	208	1e13f2e1be
1458	209	adf65170af
1459	210	860aa2a747
1460	211	1e6985d4ec
1461	212	788f144cd9
1462	213	f11c409bf3
1463	214	64c52d1010
1464	215	8e6d93530b
1465	216	7ccc965932
1466	217	53d9754eb4
1467	218	60b454bbda
1468	219	10d908ab9c
1469	220	09c72f9d11
1470	221	3f223ef625
1471	222	b4967855cc
1472	223	9c93d94000
1473	224	a3a0ae1c47
1474	225	84828daa19
1475	226	c37e7f44cf
1476	227	f4dde8cbad
1477	228	9977f31d4a
1478	229	d0ef5450c2
1479	230	3da8b48853
1480	231	a6651581bc
1481	232	98e9e05f62
1482	233	a37510967a
1483	234	04d6b053cf
1484	235	55b2dcf54f
1485	236	643274933d
1486	237	ccf0895ee5
1487	238	1b1a2af0ee
1488	239	b63a2265bd
1489	240	228760e172
1490	241	282d9432f0
1491	242	a65e071348
1492	243	ed70ebe5c9
1493	244	287e7720a3
1494	245	9e6ed44c33
1495	246	6882949ef6
1496	247	b46c078d2f
1497	248	23acc52032
1498	249	ca16738d40
1499	250	0b4c651ccb
1500	1	7be0982ca1
1501	2	6a8b59c1a3
1502	3	23d2d1e282
1503	4	4166dfe798
1504	5	491b2c3e2a
1505	6	34415c14e9
1506	7	99f9f58a27
1507	8	2997c2418b
1508	9	0b3fbd596d
1509	10	bae84ce42d
1510	11	6ce6a1d9a2
1511	12	124129859f
1512	13	88979418c3
1513	14	74cda7a1c7
1514	15	6ac691945c
1515	16	d080aea4d9
1516	17	b259b7749f
1517	18	c3dfbd3853
1518	19	fbc7f7c8f4
1519	20	6bbc4ee8ab
1520	21	3573f8558e
1521	22	33c0216a13
1522	23	55e8418ebb
1523	24	a34f154ca1
1524	25	6f785cd3c6
1525	26	c0f22a4b8c
1526	27	c4218ad1ea
1527	28	d8828b8934
1528	29	1d33fc14d5
1529	30	27f8c74f3d
1530	31	64319be923
1531	32	b99038f7c8
1532	33	3b4488ec27
1533	34	69d42cd4b1
1534	35	f7c1970b7f
1535	36	058836807c
1536	37	db29a7a644
1537	38	c153906f0f
1538	39	4ce7f019dd
1539	40	7e8636133a
1540	41	4196585ce7
1541	42	0878db3494
1542	43	d555b7eff0
1543	44	ee1f0af51d
1544	45	86942b4c78
1545	46	b3b93b4725
1546	47	0ae3d7e409
1547	48	83b34da2d2
1548	49	a428e589a7
1549	50	bced45ba5d
1550	51	c01a3a2342
1551	52	0cb5bf463b
1552	53	72bf465efa
1553	54	ff153a9da8
1554	55	7236747665
1555	56	df67ab7204
1556	57	7a108f37e2
1557	58	f838a78964
1558	59	c3be238909
1559	60	b5fe5f2983
1560	61	275ef8f70a
1561	62	ac73be8d41
1562	63	3fa56adbbe
1563	64	17a8393da0
1564	65	84d603402b
1565	66	d83eb16c48
1566	67	4fc163c72b
1567	68	09127de37e
1568	69	bd6cd7e485
1569	70	79165c4ee1
1570	71	79c5f530ca
1571	72	885f9e7bcd
1572	73	eb5c7f2359
1573	74	94fb4fdf1b
1574	75	d836c93cc3
1575	76	076045519f
1576	77	2ad951b804
1577	78	ea014697ea
1578	79	f33a0224df
1579	80	45043c3fd9
1580	81	9fdecfcf50
1581	82	c7ff4d7b43
1582	83	4da5670172
1583	84	62efcf7727
1584	85	c5fef9da5b
1585	86	50fb9d4c2f
1586	87	1fd54e632f
1587	88	7af52d8342
1588	89	7e3fc3af2a
1589	90	9fe9ed029a
1590	91	2696471bea
1591	92	184d296713
1592	93	a3cc79f107
1593	94	e30cc95305
1594	95	92bba12c57
1595	96	728791ba54
1596	97	5eafcd82bf
1597	98	b670ce5c40
1598	99	b6b88a3c8c
1599	100	a1e1b52ea2
1600	101	a09b63f2e3
1601	102	135a67ed8b
1602	103	cb1bebeb14
1603	104	3bf3517819
1604	105	de3c412a91
1605	106	e1f932db46
1606	107	3cc1dcc1f9
1607	108	5c04fc13ea
1608	109	63815221df
1609	110	464c4dec81
1610	111	6904c5acf1
1611	112	c457a6e183
1612	113	fe96cbdd43
1613	114	6257a1aab2
1614	115	7f5b8435ae
1615	116	0966dd6b18
1616	117	c42914ecac
1617	118	895e2a937c
1618	119	7f6b1fe1f1
1619	120	32f2f13008
1620	121	7f379a70fb
1621	122	7b7a3ed5d8
1622	123	a8a96be800
1623	124	0473e00722
1624	125	0bf8d156b9
1625	126	57f1b835c0
1626	127	42c9ca81de
1627	128	5e7eefb330
1628	129	5f3ce0493b
1629	130	358a879b7c
1630	131	af29b745b5
1631	132	0ddf6efcff
1632	133	00aa6ae2e6
1633	134	0b15b32426
1634	135	6fbfa5962f
1635	136	1e9198214c
1636	137	a923d2c440
1637	138	20a6bc731e
1638	139	a527646d7a
1639	140	96d56520c0
1640	141	edd95e0ed5
1641	142	30e2a64979
1642	143	30abf9e234
1643	144	16c1abfc20
1644	145	f1d7fa46b1
1645	146	40448ae813
1646	147	7f34376e1c
1647	148	9c1a53f79a
1648	149	757df8ef3d
1649	150	824f1ecd95
1650	151	5b20183377
1651	152	379f5004e1
1652	153	2e261e2908
1653	154	e8fa5fd048
1654	155	3e4197d0d3
1655	156	a583c955f4
1656	157	44c884a960
1657	158	1f12e13fa3
1658	159	0bbcb9ec58
1659	160	5938bc0e70
1660	161	ffba22277c
1661	162	8f6b0827fd
1662	163	3306316da9
1663	164	3b6039b699
1664	165	dc38c2adeb
1665	166	014dd4fce4
1666	167	3b16583c88
1667	168	91e66eda1f
1668	169	cf5cf04712
1669	170	c03940672f
1670	171	821a20d722
1671	172	3de5610cb2
1672	173	f1a2f24b61
1673	174	c56a319a7d
1674	175	e9036cb7cb
1675	176	b0f61514e0
1676	177	92f25592c0
1677	178	4673b9fbb0
1678	179	cb9b2367db
1679	180	087eabf609
1680	181	8bc5372758
1681	182	33779f5868
1682	183	80b7414c3f
1683	184	1f9f2d24a8
1684	185	b802aca405
1685	186	62f137a043
1686	187	a46b0c8370
1687	188	eda405a465
1688	189	c939bdfc84
1689	190	5507650f82
1690	191	6c80e1f71e
1691	192	128e51a9f9
1692	193	8bc4ab5753
1693	194	b795ff29f1
1694	195	d305b61e16
1695	196	05e9dfe4af
1696	197	fa706f2ec9
1697	198	63053d3e26
1698	199	a2fe8ece21
1699	200	8259503466
1700	201	b6ef102865
1701	202	015ca29a8b
1702	203	e8226e9efd
1703	204	32c27bcca8
1704	205	1439e5ff82
1705	206	65ccb450ee
1706	207	74ddc0d0ff
1707	208	ab0f84f824
1708	209	fae1035151
1709	210	e4dacefb75
1710	211	29545fce20
1711	212	00760e6799
1712	213	bd8fd7c742
1713	214	2c74670648
1714	215	39b8804a2c
1715	216	bc3fc192ed
1716	217	cc59edda54
1717	218	d1e186b521
1718	219	ba2ae9eed4
1719	220	51daca04ea
1720	221	e252328ee7
1721	222	ba21af8ff4
1722	223	70f0fe6283
1723	224	64792d8eb6
1724	225	b7db1d1ad3
1725	226	b00287d46a
1726	227	61010a7992
1727	228	e7d6c211d2
1728	229	09dd68a4a1
1729	230	b500c5f085
1730	231	a43ecbfad1
1731	232	8dda1d889e
1732	233	d50ded7d61
1733	234	81746664d4
1734	235	aa02e5858d
1735	236	2cab6e7761
1736	237	f49f5730d8
1737	238	2755a5c5cf
1738	239	f7f79f55fb
1739	240	46d6db3305
1740	241	2c847dc602
1741	242	3e8621bcb1
1742	243	ed97ea8610
1743	244	a737168595
1744	245	62284e7e68
1745	246	f4414c2f56
1746	247	1322d8e494
1747	248	73a194fae6
1748	249	9732c6e2de
1749	250	29c598de31
1750	1	5a80d20a7a
1751	2	9bd0dbb590
1752	3	f94c618400
1753	4	00e7335571
1754	5	f2953ea175
1755	6	cd532c7972
1756	7	9b71749933
1757	8	2e444f6867
1758	9	5d8439e946
1759	10	09463b1e77
1760	11	5a68a1cd79
1761	12	5e69cf47e3
1762	13	978460a491
1763	14	3b9c12f1a9
1764	15	d6b7bb0685
1765	16	f57b3120cd
1766	17	364f4a0c1c
1767	18	822ee2362c
1768	19	3bb1e3d6ef
1769	20	816fb9251f
1770	21	98008aba23
1771	22	bd0e94a74e
1772	23	b98da836e9
1773	24	2bfc1b46c6
1774	25	07e5e2cc28
1775	26	1898e1d909
1776	27	9c3ff5e10e
1777	28	6331bb59b1
1778	29	1f4224b929
1779	30	9b8fb67e34
1780	31	2177751389
1781	32	252e5316d0
1782	33	005420e2f5
1783	34	415d887951
1784	35	7625eb7c7f
1785	36	ae5d6939a5
1786	37	313620aae2
1787	38	eec545d545
1788	39	6e05450dc2
1789	40	5a254db0f8
1790	41	f981f8c671
1791	42	a1ac33cf61
1792	43	9d684f1f04
1793	44	b78bde7a02
1794	45	589ee71475
1795	46	e7a2329b05
1796	47	6e7102f1c1
1797	48	a472dd29e7
1798	49	f2d078a209
1799	50	38c9c6fc5f
1800	51	58fc65106b
1801	52	d2db6b018e
1802	53	dd7f900d03
1803	54	f91091d67d
1804	55	c0ca3caa2b
1805	56	e4375dba80
1806	57	c22a140d9c
1807	58	60d27260ca
1808	59	fcddd76480
1809	60	0726f2cd4a
1810	61	f8a58e6f41
1811	62	d207fe8d5f
1812	63	0d65ac4018
1813	64	a754e44b37
1814	65	8c42eb9614
1815	66	f548e7455d
1816	67	29654d743e
1817	68	209b0820dc
1818	69	a562bc4753
1819	70	65f1571a8e
1820	71	e46a350ffd
1821	72	747002a4b2
1822	73	21dbb32f1b
1823	74	1d7401ced8
1824	75	14a7be10fe
1825	76	e55fc10b0b
1826	77	f37fd35e5b
1827	78	07a6546a21
1828	79	3da3443a67
1829	80	5684642da5
1830	81	0f803883bb
1831	82	46e5e84c51
1832	83	3f09e03553
1833	84	f7c23441e3
1834	85	d480c809c5
1835	86	1a5bd88de3
1836	87	b954b9f075
1837	88	ad3e52830a
1838	89	6513ddbfb7
1839	90	97feba7d8f
1840	91	1efeb79446
1841	92	09a5a1fef3
1842	93	517d8c251a
1843	94	333712b473
1844	95	ac52bc0844
1845	96	f7a0c3408e
1846	97	4ff3084046
1847	98	5a5d43b104
1848	99	917c925a71
1849	100	b1105e2b1d
1850	101	8967c3d64e
1851	102	a21756bbd9
1852	103	c8ab961aec
1853	104	df2be5f9e4
1854	105	afc24db61f
1855	106	8a6a9f051f
1856	107	5ab9e09025
1857	108	21e420c189
1858	109	8f14b222b6
1859	110	afbefe4f51
1860	111	66a0209ed5
1861	112	832fb6b23d
1862	113	9bf8974a91
1863	114	bd56a291d8
1864	115	17917a54b2
1865	116	9b5f308568
1866	117	9a3aa13565
1867	118	5b4ec80ac2
1868	119	febaccb498
1869	120	7c65ca1c72
1870	121	c3ee193148
1871	122	f410483404
1872	123	3826cd6905
1873	124	c117e2cf1e
1874	125	01fa643822
1875	126	b0e904474d
1876	127	458e01bfa4
1877	128	01a4dec479
1878	129	5e49fb77f4
1879	130	4638a08e64
1880	131	6e7e415120
1881	132	a0ad7de289
1882	133	fb91ce401d
1883	134	4486c40376
1884	135	ee48686085
1885	136	75c7563e7b
1886	137	ae588d1fa0
1887	138	4e1f1af00a
1888	139	2f346c91d4
1889	140	7360caf25b
1890	141	ea69158ded
1891	142	d3197179f4
1892	143	e0eb64499d
1893	144	73e82eb67c
1894	145	030399e210
1895	146	474c79b308
1896	147	178831458b
1897	148	b44148afb1
1898	149	c45e36fdac
1899	150	b0b83187f6
1900	151	26de5fffb4
1901	152	375009f362
1902	153	51643897ee
1903	154	b24e750be8
1904	155	deac2b97de
1905	156	87775b66f1
1906	157	2104952c5a
1907	158	255cc6ce93
1908	159	755d6d16d0
1909	160	d93bb7d20f
1910	161	73d73f493f
1911	162	d6fb53808a
1912	163	eef9b65b24
1913	164	2dde8ebe02
1914	165	10d842f3b8
1915	166	548a942620
1916	167	137673d597
1917	168	4f0d3ba3e2
1918	169	b0f4661a76
1919	170	51ff429ebf
1920	171	bbec6f90a1
1921	172	48a1b861bc
1922	173	6491e85b62
1923	174	f5ce120fd2
1924	175	560123d0c1
1925	176	d836c781d1
1926	177	c895b665c7
1927	178	eb688e545b
1928	179	829bfebcd7
1929	180	48638723d2
1930	181	f378e17be7
1931	182	4bd249833c
1932	183	3b708e1490
1933	184	af12d798b9
1934	185	5885745784
1935	186	5e702534e9
1936	187	d789be8866
1937	188	6a0ccf84f3
1938	189	fafac50c3f
1939	190	aa19bb5612
1940	191	1bebb3d0a0
1941	192	361be40c6d
1942	193	e13f1070aa
1943	194	337ef4ae6a
1944	195	f5d5f92599
1945	196	6091f63635
1946	197	aec9ccfd4e
1947	198	c03cd24b38
1948	199	3e694b34ae
1949	200	def1504722
1950	201	b7e2a38b36
1951	202	4d4eb0d16c
1952	203	5c4552703a
1953	204	e76128f0af
1954	205	46cc28459c
1955	206	482f2315b9
1956	207	f7987ffcb1
1957	208	aff89181e0
1958	209	ace250fbd4
1959	210	5c779fdde0
1960	211	56d8f94497
1961	212	44d4b6b0f0
1962	213	e9f0e6bdf0
1963	214	cee64b2bea
1964	215	c5c3f3019a
1965	216	52122d0dc9
1966	217	329bc9be61
1967	218	635342d8aa
1968	219	fcbd6431b0
1969	220	40cda9e779
1970	221	4b8b36e3a6
1971	222	70b5085454
1972	223	450620a58a
1973	224	d879b5f450
1974	225	757f882978
1975	226	874f23d363
1976	227	fcf60129a6
1977	228	fe1b206001
1978	229	ae3b9c7093
1979	230	fb6869ab78
1980	231	1bfc495a25
1981	232	27b9e13473
1982	233	d65e7427d9
1983	234	8792a15e81
1984	235	575bbe32bb
1985	236	5dd0092aff
1986	237	682d76ef0d
1987	238	dcd10f4ce0
1988	239	19425677d7
1989	240	7c55021d9f
1990	241	3aba7f197f
1991	242	764a1f750a
1992	243	36f5bed993
1993	244	38babd988b
1994	245	2307b78936
1995	246	7d0089bbf0
1996	247	f541946c78
1997	248	63cb3c9659
1998	249	420a0a40c9
1999	250	87968f0709
2000	1	eab3a02392
2001	2	0d4da2bac6
2002	3	a63d8a465a
2003	4	a00a169b05
2004	5	94c7893ceb
2005	6	804e61ec3b
2006	7	de8fc7edc8
2007	8	f9f8935f2c
2008	9	1eaf7f4ecd
2009	10	f74941cd16
2010	11	0fd9dd0760
2011	12	2681f2acfa
2012	13	3c89ac8d10
2013	14	56d8a5475b
2014	15	4045c9abb0
2015	16	4abfb66255
2016	17	cd00c6f0fb
2017	18	a4e8b9622e
2018	19	d4197f03be
2019	20	e3a84e2d84
2020	21	e30b7cb8fc
2021	22	e0d3e4ec25
2022	23	818726a155
2023	24	6401cae11b
2024	25	1e839e509e
2025	26	e8083ed95a
2026	27	02ba8810df
2027	28	8b172008d2
2028	29	f191e4fe0a
2029	30	076442b1a2
2030	31	7af1a44d95
2031	32	398bf6ba92
2032	33	e75fbffe02
2033	34	ab6120e5cd
2034	35	1ff6b6d5ba
2035	36	7b5be04bcf
2036	37	fc4912ddcb
2037	38	fc6e673554
2038	39	4e85b3bc6d
2039	40	f30efc9eed
2040	41	61734f6985
2041	42	2d2a994a5c
2042	43	3b3e02fbf5
2043	44	844dc000b5
2044	45	84d4d6aca4
2045	46	119034e9d9
2046	47	68025bda3c
2047	48	de5eb475f5
2048	49	b30d30e6fd
2049	50	20bca90dfb
2050	51	386f17151f
2051	52	398a298968
2052	53	7f02173144
2053	54	f61b5fec6f
2054	55	4f6c77c89e
2055	56	a64fe8e182
2056	57	49cab54df4
2057	58	b4789c64dc
2058	59	1d589e0ab0
2059	60	3ae1270116
2060	61	a830489715
2061	62	b9553de5ae
2062	63	99aa7d6583
2063	64	f93349352d
2064	65	71d366df9e
2065	66	864348ffff
2066	67	c0c531dad3
2067	68	dba8259f78
2068	69	01ab8026d5
2069	70	dc830f3489
2070	71	b95d96185f
2071	72	09e2128e8d
2072	73	acfb1b0893
2073	74	2e4f8a2a2c
2074	75	d625f681aa
2075	76	ebdcd29926
2076	77	824b666c73
2077	78	e5369052f0
2078	79	eafa29498e
2079	80	6d04a92145
2080	81	abbc0040d9
2081	82	98e93c4f91
2082	83	53b58eebe5
2083	84	7151fc4ff3
2084	85	37b2c2b350
2085	86	3fa468491f
2086	87	ee95e8b9ef
2087	88	528b42a1b0
2088	89	6148b916b5
2089	90	d8b5440b44
2090	91	708a1bc043
2091	92	3387ba1fb0
2092	93	0e767ea64f
2093	94	fa4d5eb7c9
2094	95	360b063dd7
2095	96	b0600930b5
2096	97	99b798e236
2097	98	1ef6880e88
2098	99	50a8e2aea7
2099	100	96b0ef9d72
2100	101	15e46e033c
2101	102	477085f0f3
2102	103	125979caad
2103	104	ef9c1d748d
2104	105	a3893335d5
2105	106	54d9ca1323
2106	107	f9daf5de60
2107	108	9010426498
2108	109	db760e13c3
2109	110	b187e80635
2110	111	09ba3491b9
2111	112	a1bb528799
2112	113	dd3de55394
2113	114	11341ce563
2114	115	a5a90740e9
2115	116	b89781365d
2116	117	8b19154fd8
2117	118	7756c908c8
2118	119	63f6566408
2119	120	057f65c5e0
2120	121	76704eeca5
2121	122	15f497c509
2122	123	3da1217ff0
2123	124	bca3627a58
2124	125	081b68f25a
2125	126	d5dc21f895
2126	127	c1e684dc6c
2127	128	f4a702a075
2128	129	f4ca148faf
2129	130	efbe4e2001
2130	131	f6d84d531c
2131	132	571ce1ba89
2132	133	266aff3158
2133	134	18d780eca4
2134	135	61e2e7df8e
2135	136	6a64d2ea73
2136	137	1be79418db
2137	138	7e1bbd39ed
2138	139	fc2f1e33b7
2139	140	e4b330d58c
2140	141	15bf5cf81e
2141	142	17a773f154
2142	143	60bbc4aa6d
2143	144	a01bcf570a
2144	145	f7a32c1b6f
2145	146	8ad586e879
2146	147	d4d7cd95ab
2147	148	23c1208038
2148	149	0d5c514fec
2149	150	c00cddc473
2150	151	53bf6572d7
2151	152	a6b0b9c51b
2152	153	7ceb07fd08
2153	154	779fcf120e
2154	155	c6c63ed5d7
2155	156	717a2b5b91
2156	157	2cca27546b
2157	158	49de847a06
2158	159	9c0783a5b0
2159	160	4174d47af0
2160	161	50ec8efe04
2161	162	1851399a32
2162	163	1ac77cf8da
2163	164	405749dcbf
2164	165	e44a9a6516
2165	166	05bc8589d7
2166	167	c3bca907cb
2167	168	20b61c5277
2168	169	7f0b3850a0
2169	170	49a8d16716
2170	171	2f89993241
2171	172	6c04940c13
2172	173	c24fdaf91b
2173	174	ae5e9746d0
2174	175	5bdbb67f4f
2175	176	2a5539c4c0
2176	177	b36951183a
2177	178	089b91bc65
2178	179	8f062f7c3e
2179	180	89c7525914
2180	181	26badf3ca3
2181	182	5636cb66ad
2182	183	95f06d2444
2183	184	d067bf3de4
2184	185	758ceeef44
2185	186	c75cc15c54
2186	187	aa5a6d0648
2187	188	15d6e3a6be
2188	189	0e5f9ba5a9
2189	190	d3224b0be0
2190	191	06fc2ea29b
2191	192	60010a9801
2192	193	3c7e9b786d
2193	194	70a96a29e5
2194	195	5661efd190
2195	196	2bb1f11c1b
2196	197	6ccadba0c0
2197	198	cc7ec77b89
2198	199	3691ecd9ba
2199	200	74584b94b6
2200	201	9374e01105
2201	202	1ca9618bd8
2202	203	a99b6cddb8
2203	204	f73d7db614
2204	205	b6592f7069
2205	206	ba220d7375
2206	207	6aafd63ac4
2207	208	d75f1aa3e0
2208	209	ddf555ca24
2209	210	fc56c465a0
2210	211	5d96ee27d4
2211	212	816e0695f7
2212	213	4ad5dc5e4c
2213	214	a934e49fa4
2214	215	08e875aa34
2215	216	59b9f2a73d
2216	217	dccfedda03
2217	218	c50f08e6ee
2218	219	c6244f0676
2219	220	164e831898
2220	221	82e103593a
2221	222	6fa2ae8ef2
2222	223	e101b012ea
2223	224	38ffb36ac6
2224	225	a1bfedc738
2225	226	ef995a7869
2226	227	9372b57680
2227	228	3bbfbaa183
2228	229	e9b95a095f
2229	230	9af4dfa76b
2230	231	cfe9c28290
2231	232	19895f6e13
2232	233	a5ddff726a
2233	234	1faf5df2dc
2234	235	d2c37a1667
2235	236	413d45af3b
2236	237	d1000d56d6
2237	238	e80cf36def
2238	239	bf65b2ee47
2239	240	b6a4d2e7de
2240	241	625028764e
2241	242	777b1a2b9f
2242	243	9245c9b128
2243	244	a8f1cd7bae
2244	245	bd20375bd8
2245	246	26b21eb217
2246	247	2454680afd
2247	248	5b4c267da5
2248	249	5a2c04a223
2249	250	54ac5ef5a8
2250	1	12db153bd0
2251	2	643be81668
2252	3	870d652734
2253	4	54131ebd9d
2254	5	773f3a9aa7
2255	6	cee0a8d660
2256	7	a969d627ce
2257	8	17488d34ab
2258	9	fd8a606a39
2259	10	e304284d4a
2260	11	8bb01685e1
2261	12	e52020add1
2262	13	c6017b114d
2263	14	ff4b095028
2264	15	928f61bb19
2265	16	64a5b1381e
2266	17	2c2b490721
2267	18	f6b117e948
2268	19	544022118f
2269	20	589ee8e8e1
2270	21	89804549a0
2271	22	b3621321fa
2272	23	784c0ead98
2273	24	757840bdbb
2274	25	dc2ae602e7
2275	26	ecc557be7e
2276	27	75d42c801f
2277	28	79cecde3a0
2278	29	b96bc387f8
2279	30	a891df94c8
2280	31	a2389549bb
2281	32	7a1a4108e8
2282	33	53bd674745
2283	34	73a1104c53
2284	35	6ce00290c4
2285	36	71781e4551
2286	37	b7a49948dc
2287	38	2749d961e4
2288	39	5debfe8831
2289	40	00850b0d8b
2290	41	db3313dbd6
2291	42	f09989b9b9
2292	43	37915f2f04
2293	44	67e6dea3a5
2294	45	3906cb0a7d
2295	46	d8efc7d695
2296	47	df6869cacc
2297	48	5f0b24a833
2298	49	1688c99459
2299	50	a997b2a27f
2300	51	c6e72fff9a
2301	52	ee84333af2
2302	53	5c9a40b65d
2303	54	489dec35a5
2304	55	d459f42ff1
2305	56	a942e6847b
2306	57	b409cde443
2307	58	965e1782e3
2308	59	1743e6200e
2309	60	74425e3d3d
2310	61	9ef9ef589b
2311	62	5c0f50577f
2312	63	29457cdff7
2313	64	a868c8a6af
2314	65	0905ab40ca
2315	66	84e8b282cb
2316	67	490e946931
2317	68	544002d5b8
2318	69	80211d9666
2319	70	f07707975a
2320	71	219bf2c3f4
2321	72	d6a5f86e4b
2322	73	b583b59ed0
2323	74	3f2084b85f
2324	75	ae0d194ee1
2325	76	3a6024c1fa
2326	77	ff0fc9cfb0
2327	78	57f92fef9d
2328	79	b5858f0224
2329	80	4d893c4e73
2330	81	a5ed34dbff
2331	82	5bd93f3a90
2332	83	0f2ae1bebb
2333	84	e35099a573
2334	85	8f58715d93
2335	86	0d5c38b20c
2336	87	84f32b1e25
2337	88	4556dcfad5
2338	89	1bfc7c020d
2339	90	35765b8e99
2340	91	d5f8334b15
2341	92	0fa067fe44
2342	93	c61dd1e30e
2343	94	3c3679bb32
2344	95	d259cca5f7
2345	96	87f0078a29
2346	97	2b1a2d0bbb
2347	98	fb5aac2599
2348	99	eabeeca5bc
2349	100	9904f431a0
2350	101	4dfc83ae4b
2351	102	80d7ad7041
2352	103	21c35d34e3
2353	104	420530469d
2354	105	ae8b76ce76
2355	106	f69920e16a
2356	107	7d7c5a8de1
2357	108	6f26128800
2358	109	ab5d0572f9
2359	110	dc5de1974c
2360	111	077f26a245
2361	112	93cdac87d0
2362	113	884b2a9187
2363	114	ceb7d4157a
2364	115	52cf77207f
2365	116	febafb6d79
2366	117	ecb9c8071d
2367	118	34bbfbcdb1
2368	119	6e6470eb6e
2369	120	719bda2f33
2370	121	d174ed4982
2371	122	7396a61673
2372	123	28d865c41d
2373	124	ebc1803b6a
2374	125	4195a8c7d9
2375	126	1ea6e604ac
2376	127	11b9819637
2377	128	d9baf1f3cf
2378	129	ebb198b51d
2379	130	46fca691b0
2380	131	7d29bf428e
2381	132	178454d6d2
2382	133	b8eb63044c
2383	134	35a6fa3689
2384	135	f18b467c94
2385	136	e109144876
2386	137	007969c70f
2387	138	d854bc04f8
2388	139	eca6e05eff
2389	140	d37ee8aa08
2390	141	cc94b6eaae
2391	142	93f7850de1
2392	143	cc9a028c9e
2393	144	5cc15406d7
2394	145	46a7df68dc
2395	146	5157689d1d
2396	147	4c53178b80
2397	148	ed9d4abc46
2398	149	834131093c
2399	150	4b4a6bfff0
2400	151	a34ca897b7
2401	152	52658c2e80
2402	153	02e89979c5
2403	154	c82520c0c5
2404	155	ec56cf0399
2405	156	3adb6ba908
2406	157	185a4e9554
2407	158	14a6f88537
2408	159	3770ca1bec
2409	160	250c4a2774
2410	161	e2f0a16771
2411	162	ee572c3701
2412	163	a64e40605f
2413	164	13d11f3af1
2414	165	35b8053dc8
2415	166	a58e9916e5
2416	167	d772a49214
2417	168	bee2bacf81
2418	169	5757da6d60
2419	170	06e2c9ce36
2420	171	5bbeb6cbf9
2421	172	7f89f21685
2422	173	bf8a1f210f
2423	174	62ea1329e2
2424	175	41d5fc174e
2425	176	a21b43ec08
2426	177	04f65109c3
2427	178	116d614ded
2428	179	bcf5a0b723
2429	180	5bf6c72092
2430	181	6b61eeec3a
2431	182	23be151340
2432	183	8a704589d9
2433	184	f273554726
2434	185	04a7803075
2435	186	a9ae40d6ba
2436	187	3e73dd884f
2437	188	7abe9d9ab3
2438	189	c35877e98c
2439	190	25e303b68d
2440	191	6f444bda0e
2441	192	4876cec63d
2442	193	616c7662c0
2443	194	bdd9ea4231
2444	195	30074b6d58
2445	196	560ed556a0
2446	197	fbc1cb32ae
2447	198	762386d43f
2448	199	b3c2562869
2449	200	2f9eaec032
2450	201	c421f73bfe
2451	202	46a7a50389
2452	203	904a80f858
2453	204	7173fda675
2454	205	36b9fbabc6
2455	206	9dacf0c5cf
2456	207	0cfa6ad85c
2457	208	e266c3d7c7
2458	209	35adf67f93
2459	210	fcb639cdb2
2460	211	65d88174ba
2461	212	089bb94c7d
2462	213	bb49a75071
2463	214	372eb8e79c
2464	215	bc81e4c5c3
2465	216	7f090a85e5
2466	217	d96b05b1a6
2467	218	8e55b1faf4
2468	219	5b8b00c5e6
2469	220	6c97f896e0
2470	221	3aaab204c8
2471	222	7d631afbd0
2472	223	55b02fc0c1
2473	224	2f56222464
2474	225	4d3b9262e4
2475	226	7e5e804ff3
2476	227	1d00f11ee1
2477	228	2e1777d372
2478	229	bff2eca886
2479	230	d06ef72794
2480	231	fc921accfa
2481	232	57844f6648
2482	233	3887bd19f9
2483	234	af3a13db88
2484	235	8694ede606
2485	236	6bb7931c83
2486	237	af07a96889
2487	238	306adf57da
2488	239	b3fab2499b
2489	240	7111b04765
2490	241	1a625c4b5d
2491	242	1d8a95f0f6
2492	243	8bb6df1a6c
2493	244	0df6ddeffe
2494	245	df247f4778
2495	246	0f80d7a553
2496	247	cfd0fd3529
2497	248	b5c6c1fbd5
2498	249	f5238598f5
2499	250	dbf9c98558
2500	1	010b054b09
2501	2	fddf4040b1
2502	3	4277c04b3a
2503	4	32da44fa64
2504	5	21e624e616
2505	6	c15b4dd60e
2506	7	b786b37f94
2507	8	495a9a4541
2508	9	ed15fa1582
2509	10	ab86017495
2510	11	920d3d309f
2511	12	bcf9e43d78
2512	13	fd968d4eb1
2513	14	64f08dad16
2514	15	4e070954c0
2515	16	907e3f0759
2516	17	6d3c468939
2517	18	0383d21fc6
2518	19	42eef58c0c
2519	20	4cd6299755
2520	21	594463afee
2521	22	620c5143c9
2522	23	7808c5bd15
2523	24	77f1e265e0
2524	25	13f4c9554a
2525	26	275f20571d
2526	27	b64a7dbf36
2527	28	2834f28aa1
2528	29	791f654617
2529	30	5f5a604d8f
2530	31	fe0760ea92
2531	32	8d942a7e64
2532	33	229fe152bf
2533	34	a3b2df0e47
2534	35	38c7e975aa
2535	36	15118bac24
2536	37	a6dd995b3a
2537	38	424a8b5771
2538	39	bb072f7fd9
2539	40	f2e09423e9
2540	41	7a10d3219f
2541	42	66fda5b5e1
2542	43	f4de5e5f9c
2543	44	5d839958e7
2544	45	7ac851db54
2545	46	8553431ea5
2546	47	22eb3c58d8
2547	48	08359ebffd
2548	49	87c29c8e49
2549	50	a0995495da
2550	51	4195e56e72
2551	52	b4f5b17884
2552	53	051bf4a60a
2553	54	11498c3dd5
2554	55	07c7af6b98
2555	56	0e80d04774
2556	57	16fbcbdf49
2557	58	17dc988deb
2558	59	acd3cbd433
2559	60	a309494146
2560	61	5d9d644e01
2561	62	3dcd56e714
2562	63	d0d37192a2
2563	64	afdcb07f78
2564	65	3cdadf8e6f
2565	66	9c2311c4e6
2566	67	4182157abe
2567	68	3956e9615a
2568	69	f2e8f7d737
2569	70	553ea8cbed
2570	71	d871f13629
2571	72	757989b94a
2572	73	e89bfa9579
2573	74	7b044c3723
2574	75	86683ff168
2575	76	a4da0894de
2576	77	ac5bbaa807
2577	78	3fa6af5653
2578	79	612122cc9c
2579	80	3f0baa4635
2580	81	195e5bf48e
2581	82	b40b019f32
2582	83	9f86c3f511
2583	84	f874e5ccb3
2584	85	57f454d989
2585	86	1ba898eb7f
2586	87	1c50b38b71
2587	88	5bb9d7449d
2588	89	0489daaf94
2589	90	d7dfaa60e6
2590	91	e8f351ecc6
2591	92	fece9c4853
2592	93	0d94fb7996
2593	94	3f81bca96f
2594	95	a7cb222d91
2595	96	4cfa1b17c5
2596	97	66404f2ca5
2597	98	0260b38e86
2598	99	42bb13afa4
2599	100	fe474a1687
2600	101	79a0442cc0
2601	102	117933a1cd
2602	103	04fac30030
2603	104	0b7bbc2a25
2604	105	e653d76189
2605	106	e36c5fe0c2
2606	107	6ebcdc7f63
2607	108	41964e6049
2608	109	be29280d8c
2609	110	a1af625532
2610	111	0a2c8662eb
2611	112	9b59644af5
2612	113	22d0c6078c
2613	114	5db3ddb6a1
2614	115	2923d76865
2615	116	413bac9595
2616	117	d4866b81f1
2617	118	7f5a4ea683
2618	119	5dbf1f986e
2619	120	d92e2fc79e
2620	121	233755b745
2621	122	860e205ab4
2622	123	ac79f1d142
2623	124	2b6eb35450
2624	125	e2fb1945bf
2625	126	4fbdead3eb
2626	127	9519a105de
2627	128	ae2a6855b2
2628	129	2120194f84
2629	130	99f389f75b
2630	131	58edb7a6d8
2631	132	cc1a75c069
2632	133	4e1ea12030
2633	134	a6412f7752
2634	135	861bb4e1a5
2635	136	c099f782e7
2636	137	ac38d76621
2637	138	de9ba2c567
2638	139	c023c26b0a
2639	140	17a7474fcf
2640	141	592b9620f3
2641	142	b7e3665399
2642	143	86ad8439af
2643	144	7eb2eb19c4
2644	145	e97c92f534
2645	146	c1ced7be08
2646	147	576e70c280
2647	148	dda1dd36a8
2648	149	1976c98326
2649	150	44cc1fcdaf
2650	151	deab8663c9
2651	152	a3197e4a52
2652	153	469829943e
2653	154	a4f9326edb
2654	155	71470c300c
2655	156	b1ef67ea08
2656	157	16d1de0779
2657	158	24aa6b9be7
2658	159	f866ccfdb6
2659	160	e8049727cb
2660	161	da0e717990
2661	162	93bfd1a917
2662	163	1d15002049
2663	164	63f1e6b337
2664	165	4165539b6c
2665	166	c2e9f9582d
2666	167	30b9989d2d
2667	168	1a102b6b68
2668	169	f9993146a2
2669	170	0b05824b03
2670	171	a2b467d284
2671	172	803a553634
2672	173	e9f8b5c09e
2673	174	753455aa73
2674	175	f0851c2a27
2675	176	90af0e323a
2676	177	a732d17d15
2677	178	4d9cf0824d
2678	179	5375e97df6
2679	180	f4de329d71
2680	181	84468a2f9a
2681	182	8acf88a4f0
2682	183	15e8c67a79
2683	184	b851bc9b8f
2684	185	27a3be6f8e
2685	186	f120092ca6
2686	187	ef30ae6f18
2687	188	73285d7644
2688	189	549c3699e4
2689	190	c64481f13e
2690	191	0233489d00
2691	192	86b83a87b2
2692	193	0162b0b94a
2693	194	0a7b692117
2694	195	e9ad2b61dc
2695	196	d2603f7d25
2696	197	b78231e54f
2697	198	7ff0497f8d
2698	199	b4157e1c5b
2699	200	b25f2a6d6b
2700	201	8c3e4f4f7b
2701	202	25c20121ab
2702	203	b43bebfda9
2703	204	e8e181dfac
2704	205	7ad2b6e0d0
2705	206	9e630f1e25
2706	207	07945028ca
2707	208	7fe8d802dc
2708	209	cbc23dca63
2709	210	bb2e1deeb1
2710	211	70b591e95b
2711	212	1b9e88a920
2712	213	775f79b589
2713	214	99c5c6ff78
2714	215	d351025188
2715	216	aa241f8011
2716	217	cdae7edc9c
2717	218	d38af1dd12
2718	219	186f90b724
2719	220	a4b59dfb77
2720	221	1415f5d9fd
2721	222	b0894a942c
2722	223	8754529d73
2723	224	263664e0f0
2724	225	5d7aacf470
2725	226	9f3f30cc04
2726	227	c737689306
2727	228	29e01f240c
2728	229	6555505f3f
2729	230	baf5e7ac2e
2730	231	472a8af6bb
2731	232	6acefbfa15
2732	233	dcff681b8f
2733	234	d8c389b5d9
2734	235	a613ac6655
2735	236	6d713e2b89
2736	237	5c68177664
2737	238	bb56a6b2e8
2738	239	f2765ebb7e
2739	240	51263f70c8
2740	241	a83411fa9c
2741	242	416ad73f27
2742	243	423c760a5c
2743	244	306c74c0d3
2744	245	73acbbbca5
2745	246	aa7edcb4e7
2746	247	8c5afb5f1a
2747	248	a04c541022
2748	249	b6bd2f46c4
2749	250	9773cefa85
2750	1	d9197464cd
2751	2	114baf42ad
2752	3	434e603e7d
2753	4	1f1c530de9
2754	5	bdae1d4876
2755	6	2a3344c354
2756	7	c4b3b83f22
2757	8	c2711f8976
2758	9	81f0072157
2759	10	7f58df1289
2760	11	bcf4cb2cb5
2761	12	2f0702e263
2762	13	a8fb7bc07f
2763	14	0a43449efe
2764	15	112b51b95b
2765	16	c6f598477f
2766	17	fd5e7253fb
2767	18	f4d64051ae
2768	19	fb98e9f1f3
2769	20	424f7c3eb7
2770	21	34840f83a3
2771	22	7cf2079510
2772	23	79492fcd14
2773	24	d1fc5f7685
2774	25	f3b22e0f26
2775	26	09d738a1cb
2776	27	2342c4e47f
2777	28	18ff7e9e38
2778	29	197af0134b
2779	30	3fc3bcf5f1
2780	31	851fe9e16d
2781	32	f20aa76706
2782	33	cb70271695
2783	34	8a550e7dd8
2784	35	f14ad248db
2785	36	04c0af2b30
2786	37	15e11f57e2
2787	38	824fb93015
2788	39	862acff9c8
2789	40	7f5b664a61
2790	41	4ae3aa7c99
2791	42	a7e9f66c2e
2792	43	c9ee7008b6
2793	44	98c87ee514
2794	45	2e2feb1c6b
2795	46	f82d084c21
2796	47	a9be91d219
2797	48	a4fc913715
2798	49	1f9c348407
2799	50	969ff8dd8d
2800	51	cbb0c615a7
2801	52	3b7a1f3850
2802	53	3f4f02a041
2803	54	2ffbba2747
2804	55	cec15b3f8b
2805	56	eb6d843c31
2806	57	a763525970
2807	58	8c5b5d170a
2808	59	2dec6aa11a
2809	60	db05346edd
2810	61	e99dcbd2d7
2811	62	d61f85c1af
2812	63	2bd89b9c39
2813	64	115e17e371
2814	65	ba34bd81e4
2815	66	f61ae95e95
2816	67	29ebc2454b
2817	68	2b34045cc4
2818	69	0a42a4aa6e
2819	70	88a9dc7b3a
2820	71	881221a549
2821	72	4655095e59
2822	73	0380514b32
2823	74	e421732d5b
2824	75	381c7174bd
2825	76	1300a630f6
2826	77	2d9918207a
2827	78	185fc0f3ab
2828	79	3c4228fd7e
2829	80	c37e68f005
2830	81	96cd760efb
2831	82	314e580da4
2832	83	b6368c3587
2833	84	5ddea50329
2834	85	3ff462e0f6
2835	86	53b6189a12
2836	87	2492a1acfb
2837	88	d490401e43
2838	89	fde102112a
2839	90	ca2fd6977c
2840	91	8ad2653cf7
2841	92	14ddc9d29a
2842	93	91d4f57b8d
2843	94	c7592902c5
2844	95	92e3db2d0b
2845	96	e104957417
2846	97	a837c4d54b
2847	98	f823fc2900
2848	99	e453d1270c
2849	100	bfa8f33d04
2850	101	25f3b5f6f3
2851	102	7f6ff50d0b
2852	103	b4fc012492
2853	104	d58b08d7ce
2854	105	0b6e9a5802
2855	106	81a2482bd9
2856	107	3c9b457f15
2857	108	f8e1078f41
2858	109	94b2bd9b2a
2859	110	51992db2e0
2860	111	662d36bc3e
2861	112	821cc23781
2862	113	2dc9f83f7e
2863	114	9f7befff76
2864	115	2d6755bf7d
2865	116	a39787a686
2866	117	04033737d2
2867	118	14cf7265c8
2868	119	24c21a975e
2869	120	c72aae2636
2870	121	2d374c02f3
2871	122	e6c286125a
2872	123	84df2efefc
2873	124	f54abfd4f5
2874	125	9521ef2d9d
2875	126	2814ff0a43
2876	127	c8cd338249
2877	128	47b4fa9ead
2878	129	26fb8dfe95
2879	130	3ea6716f73
2880	131	613d34468c
2881	132	1a553aca57
2882	133	e28c03bea4
2883	134	6d14836770
2884	135	89da886926
2885	136	734f635077
2886	137	157b8c0d28
2887	138	6b893c1cde
2888	139	bc36aa5d2f
2889	140	a9b473fc71
2890	141	a5153ee47f
2891	142	421fc6eb77
2892	143	2af1ec1d90
2893	144	62bb285232
2894	145	cfbf916f8f
2895	146	403afbf1d6
2896	147	89526162e7
2897	148	5ef359af37
2898	149	72e9e0cd20
2899	150	f2da55348d
2900	151	1675b9a27f
2901	152	5dcbf39eab
2902	153	7dc64b385c
2903	154	b1155fcceb
2904	155	fcaded5dda
2905	156	1c9616888e
2906	157	441614e10e
2907	158	e068aa0bcb
2908	159	a442fe0028
2909	160	69646cf9d4
2910	161	231503c3f0
2911	162	42f4a5e911
2912	163	b4eb8ad16d
2913	164	7034cc4cb5
2914	165	25a71d749e
2915	166	0441dfbbd9
2916	167	69f147d4a9
2917	168	66ee124bf0
2918	169	be3115a850
2919	170	b9470fbb75
2920	171	13239e8173
2921	172	3c2d12f850
2922	173	fb5a944eba
2923	174	ec642fffc8
2924	175	ccc94a86de
2925	176	26f1dd517d
2926	177	973b541b7d
2927	178	38200d0c55
2928	179	6770a6fcac
2929	180	c8b3dd59e6
2930	181	9645284631
2931	182	5fc8f74541
2932	183	f776582a01
2933	184	b967aa8ce7
2934	185	887924518b
2935	186	f5d2928e64
2936	187	a849feb5e3
2937	188	4208322773
2938	189	40e0b3bab3
2939	190	6d595cb2e0
2940	191	3d93e09157
2941	192	1ed38788ae
2942	193	2f0dc00d5e
2943	194	c927e131b2
2944	195	fcec662871
2945	196	4e55f757d4
2946	197	ed2ccd5157
2947	198	1df9035a9c
2948	199	1c8c42bd8c
2949	200	6b354e67d6
2950	201	1fec370a43
2951	202	7931f8cbbe
2952	203	27d858b5a7
2953	204	e1c0088765
2954	205	ef18ea230d
2955	206	618c2616e6
2956	207	9aa1097cb3
2957	208	003b083a05
2958	209	9b2ef3d2d1
2959	210	514c82c030
2960	211	72ae835d9c
2961	212	38a3052410
2962	213	5faba3932b
2963	214	95e02f2135
2964	215	a5f1dc0da5
2965	216	a13603741c
2966	217	088e8726f6
2967	218	b3fc574968
2968	219	06d3afca4a
2969	220	5e822f9300
2970	221	741d7f55f5
2971	222	e8bc5c33ae
2972	223	28487dfd06
2973	224	c5073e1693
2974	225	b4680a4291
2975	226	426fd06108
2976	227	32520265bd
2977	228	810b11d227
2978	229	c43fbf4ac4
2979	230	e38567c2d5
2980	231	a5323f203c
2981	232	827b199edd
2982	233	1abdfd3466
2983	234	10db24f4bc
2984	235	a465df3670
2985	236	315420d4b4
2986	237	e09ade9087
2987	238	cadacb3567
2988	239	03ee942b8d
2989	240	d53ab448d0
2990	241	5a4750ee61
2991	242	7d7fe9d22e
2992	243	5795a2da89
2993	244	91538172c1
2994	245	e8fa8c7392
2995	246	c98e8e4e5b
2996	247	cd25eed204
2997	248	b3a845426e
2998	249	c4e9a7065b
2999	250	21b33e9ed7
3000	1	945279f87c
3001	2	eb03569c91
3002	3	5e0769d531
3003	4	4e3d85749e
3004	5	0c05c2c3f5
3005	6	b8d4491191
3006	7	74c8d2be9c
3007	8	1f774ade39
3008	9	fe06e806af
3009	10	89122de7ce
3010	11	3b14e561d5
3011	12	c41b5489fd
3012	13	2981aaaf52
3013	14	3055ba0cbf
3014	15	10ed76a6a9
3015	16	222d1814cd
3016	17	2bc29142c3
3017	18	024f1a554d
3018	19	3e380dd39e
3019	20	619dd24e06
3020	21	b799b90280
3021	22	ba81d9441b
3022	23	28fca16fcb
3023	24	55fa4ea955
3024	25	7bfe1dc096
3025	26	e0bb626a86
3026	27	923582dccc
3027	28	5f592f163b
3028	29	be010ebcc4
3029	30	45bbf0abc0
3030	31	4df65051e5
3031	32	5c4514d77c
3032	33	4fc7c503a8
3033	34	591924f839
3034	35	ebdd8db275
3035	36	72cd247f3f
3036	37	d8180bded9
3037	38	a2e4cfe75c
3038	39	5fd8acd738
3039	40	1d929cf855
3040	41	2fca06ea8d
3041	42	d6126530e4
3042	43	44e10f6628
3043	44	50a4fff07c
3044	45	d0311ac696
3045	46	4cdad78cfe
3046	47	a540488fe2
3047	48	e2ae0b3c5c
3048	49	03deb0a893
3049	50	a7e2f76e8e
3050	51	f95111c776
3051	52	087a369540
3052	53	463de7417c
3053	54	020eedfb98
3054	55	f2d5cee6f3
3055	56	f9a2f3a294
3056	57	bfa8ac1478
3057	58	a5ec7263a3
3058	59	e05bb339a9
3059	60	1adfc4bd2c
3060	61	c4ee216838
3061	62	4a8b17d46c
3062	63	69aecda986
3063	64	9af5b6298e
3064	65	985d741976
3065	66	5daf4e68aa
3066	67	09c7f79b5d
3067	68	bdec97bbce
3068	69	345b75bd8a
3069	70	d63409f4d6
3070	71	667f3a39f1
3071	72	0efd68cbd5
3072	73	f71055b885
3073	74	800df04e11
3074	75	a673c46be6
3075	76	ea1deafea5
3076	77	99a7baa663
3077	78	c53d7bb793
3078	79	e945c8a1c8
3079	80	2c98c732ef
3080	81	d7e80fd5cc
3081	82	69cab9fbdf
3082	83	3eb6e9b70a
3083	84	6128c2f3c3
3084	85	c2f3afa16f
3085	86	5a735f8b45
3086	87	c4f64d3f0e
3087	88	dc941389bc
3088	89	1cb5f64614
3089	90	841f29fcaf
3090	91	c11b2764a4
3091	92	8f71edf0b3
3092	93	da0459db4d
3093	94	a0bddcfb80
3094	95	e15000dbbc
3095	96	11a09f9c4a
3096	97	b2a35a8c0e
3097	98	6480cc4c4c
3098	99	3909c84928
3099	100	6d9e9d3e57
3100	101	fb80e3fa8b
3101	102	821819d444
3102	103	95fa74064e
3103	104	47907b7753
3104	105	7395637aaa
3105	106	19c09f6521
3106	107	0124658ddc
3107	108	248fc0b9e7
3108	109	fe7ec1e512
3109	110	7dc71b7ada
3110	111	d9a143ebf7
3111	112	6d18360bea
3112	113	8a289df8a6
3113	114	b93daed793
3114	115	6b409837d8
3115	116	92918c51ce
3116	117	52671613ea
3117	118	be1c3a712e
3118	119	63d6291fd7
3119	120	156380cdc3
3120	121	380d1f583e
3121	122	47bc15ab70
3122	123	79b0b92d03
3123	124	0f6b0d01be
3124	125	df3e7c4024
3125	126	d876fde5a8
3126	127	1c8001e8ca
3127	128	ae623e80ab
3128	129	9f73547bf9
3129	130	c74832608b
3130	131	9ec4b821de
3131	132	de7ab08166
3132	133	546a7d231b
3133	134	0af88d7786
3134	135	af21db2c5e
3135	136	f00b9bbd46
3136	137	1b68cab536
3137	138	61497c8c1a
3138	139	cd9149b6e3
3139	140	e062fcc60c
3140	141	f52eccb78a
3141	142	97e1183036
3142	143	fe3b823c56
3143	144	7068de796c
3144	145	96957a0498
3145	146	b91dba2623
3146	147	f015c156f6
3147	148	645ba3e73f
3148	149	f95110a45b
3149	150	a9a65acda1
3150	151	5a8690ec37
3151	152	0b7f0b5b9b
3152	153	1f0bfe444a
3153	154	40029c91c7
3154	155	3e0480b2a3
3155	156	b4ebbab512
3156	157	c8de0f5638
3157	158	466a528dc0
3158	159	bbe85f2aa0
3159	160	defc1fc834
3160	161	4b44e535d6
3161	162	16cd0fa583
3162	163	d46392c0c7
3163	164	58c2949d2a
3164	165	dc66010f9d
3165	166	3d02900ac6
3166	167	4cb8434165
3167	168	a972ce3d03
3168	169	8cebe99f3c
3169	170	750d5b4e1f
3170	171	abce183291
3171	172	05f3bf6880
3172	173	456a4997ee
3173	174	ae5c94fa63
3174	175	677550515c
3175	176	3781ea614a
3176	177	0bfdef9bb8
3177	178	959050f82f
3178	179	b8d3870939
3179	180	5b3ea26142
3180	181	a0d8a1e363
3181	182	0ffb6db257
3182	183	b5b07334e5
3183	184	ba25130bd1
3184	185	fee1409e87
3185	186	2d71ac4947
3186	187	a124843543
3187	188	24743cfa0d
3188	189	762aaa7460
3189	190	45ef81bb64
3190	191	72444cbd50
3191	192	736d803f00
3192	193	b810c7fb93
3193	194	c82911f015
3194	195	719ed27531
3195	196	70b8a55fc9
3196	197	76c65d58ca
3197	198	9fdbd7f01d
3198	199	a2dae5e004
3199	200	a4acd57352
3200	201	161f9b9a92
3201	202	43a035c16e
3202	203	630ac55a42
3203	204	272d57bc30
3204	205	8cd5843dd8
3205	206	2068618b59
3206	207	24db34b3c9
3207	208	c724650a9a
3208	209	39e8d820fd
3209	210	7a079dbf3d
3210	211	bfb4fd292e
3211	212	87b2dd244f
3212	213	b16e4ad920
3213	214	041d761392
3214	215	da4e2a7c27
3215	216	fba703c58c
3216	217	c610f47977
3217	218	24f92e0393
3218	219	7413590a0e
3219	220	585ef09f1a
3220	221	cd3f501d72
3221	222	95ecf6bdd6
3222	223	12a2341e15
3223	224	329abbdceb
3224	225	2cc14fc92f
3225	226	140d9e5677
3226	227	a42045a160
3227	228	ebe491e227
3228	229	51e20da4e1
3229	230	67dadf4605
3230	231	6b4ce5261b
3231	232	1f842f93e3
3232	233	11203bea22
3233	234	e97747ba03
3234	235	c574e2f539
3235	236	0d4bc30960
3236	237	a7ca19d95d
3237	238	fc838a81e4
3238	239	82f52f24c3
3239	240	6ed494b815
3240	241	618fe05900
3241	242	847782bfa5
3242	243	a8ccb51d3c
3243	244	f38198c960
3244	245	4fee1326aa
3245	246	338fb4f0b8
3246	247	010826241b
3247	248	6c3a46b792
3248	249	e2f0f4ca5f
3249	250	8d14ea64fe
3250	1	08358a70cb
3251	2	71a740421c
3252	3	60e518cc8e
3253	4	517961e787
3254	5	9772c417c6
3255	6	f15399f80e
3256	7	fa74f66701
3257	8	629afa5556
3258	9	09dcc62e5f
3259	10	773a66a0bc
3260	11	8fa00f6acd
3261	12	66ab8342eb
3262	13	44b4a81b04
3263	14	f209bd2e24
3264	15	ead0546e64
3265	16	9a1dcd82f6
3266	17	9bcd8444a5
3267	18	dc13bded03
3268	19	51fb4e69b8
3269	20	08b210f57c
3270	21	c72247903c
3271	22	0a35bb79af
3272	23	c15acc9f63
3273	24	a8bb557125
3274	25	94d686871d
3275	26	6d93a76870
3276	27	05c37f7b82
3277	28	e2d8cd4031
3278	29	520c263166
3279	30	ba4c0c9630
3280	31	a7321f323d
3281	32	cad705d28a
3282	33	7aed0001ac
3283	34	bae3a8a6fa
3284	35	664cbcd0cd
3285	36	45629f05e9
3286	37	1bcb2a0a28
3287	38	6f80a713a3
3288	39	ee63c2dc2f
3289	40	b26b78c935
3290	41	b8e08feac2
3291	42	3d8d83f40f
3292	43	e9b979913f
3293	44	925aae51d6
3294	45	234cf2b631
3295	46	6edeaff039
3296	47	9f8ff63da2
3297	48	eeb1f5b324
3298	49	0fbe9f16b3
3299	50	4c2dfc05f2
3300	51	04dda123e6
3301	52	f0cd942cd1
3302	53	9ba6d2641f
3303	54	7576a6c3ab
3304	55	57faff5607
3305	56	4a5b297991
3306	57	06de83165e
3307	58	debc5a61ce
3308	59	c32fa4667e
3309	60	b80cd17538
3310	61	1e65ecf6fd
3311	62	5565343a6e
3312	63	31a7e79a70
3313	64	bcfd672195
3314	65	d81f82b654
3315	66	4f9ab974d5
3316	67	67d2115662
3317	68	9cc6860f85
3318	69	f2c3e14005
3319	70	94294fd567
3320	71	77979e889c
3321	72	d1debe601f
3322	73	37d3280739
3323	74	71908d0088
3324	75	9726a3c60b
3325	76	2e6e48457b
3326	77	f268d74555
3327	78	1debe7efba
3328	79	a7bb8e752a
3329	80	b8fe5a6aad
3330	81	d960b8b870
3331	82	44cf641a21
3332	83	9baf7ef87e
3333	84	33a4636e3e
3334	85	53427cf6f8
3335	86	5d5fcb67f8
3336	87	751a62f074
3337	88	603a66fee4
3338	89	af41ad9d3b
3339	90	040b0cf8c9
3340	91	dd4c523777
3341	92	9154e02194
3342	93	849744b7b9
3343	94	2f39379f2f
3344	95	a4a62cb60a
3345	96	f54eb07d59
3346	97	4ce789ecd2
3347	98	550b737a9b
3348	99	9ce3490be2
3349	100	fd66225606
3350	101	26365f481c
3351	102	02c0b3c7db
3352	103	16e795d28d
3353	104	7e6db5a33a
3354	105	48eb17a70d
3355	106	092fed0570
3356	107	6f8ff1ae54
3357	108	14cf3d4548
3358	109	41229dfe3f
3359	110	615d85ad31
3360	111	0108f51ebf
3361	112	d21325f2c9
3362	113	35c80a6c83
3363	114	7f2d75895d
3364	115	14e5ab16b4
3365	116	461ee04880
3366	117	1d38eea8e4
3367	118	38540abd69
3368	119	d8a6b242df
3369	120	2c96d40294
3370	121	e74b157ea0
3371	122	63ddfeec1c
3372	123	31f85d9c88
3373	124	77cc85fafa
3374	125	7991a9f78e
3375	126	a9b2cf5d1e
3376	127	7661f7b42b
3377	128	fc1d2f65d0
3378	129	8b2fb17129
3379	130	4bb0b71b9f
3380	131	6e34984144
3381	132	aaf26efd36
3382	133	478a87fbe4
3383	134	4600f058cf
3384	135	40753039cf
3385	136	d5192eb90e
3386	137	9e8c14d310
3387	138	7223de1bac
3388	139	ad7cd133f1
3389	140	f46b8be535
3390	141	e4c153e6d1
3391	142	23106bd233
3392	143	7f3ac560c0
3393	144	02864f993e
3394	145	de8ec48354
3395	146	ce64de2593
3396	147	39d5f40bfe
3397	148	836b20ced4
3398	149	3c86a9188f
3399	150	7b632598e2
3400	151	62f1fe79fb
3401	152	5ce3bd813a
3402	153	8c7f9a4d3b
3403	154	cb688a2d31
3404	155	121d8a9dd7
3405	156	6200c66ce6
3406	157	6e3bfeec6d
3407	158	1e23e42c9e
3408	159	2977d6ce1b
3409	160	988807b470
3410	161	9dd4ae3832
3411	162	f974c35b15
3412	163	05a6090ce2
3413	164	fd210e7c5f
3414	165	171fca325f
3415	166	d6e2486336
3416	167	d2da2ea64a
3417	168	bf57c97cfe
3418	169	890f7e36ef
3419	170	aa7af4fd7b
3420	171	6aa8a1b9d6
3421	172	d06a4ed203
3422	173	4ebeeb8bd6
3423	174	8a9967c41d
3424	175	48b0a2870e
3425	176	a981b2afe3
3426	177	3891f1be49
3427	178	381830a483
3428	179	59b3a0053b
3429	180	db69b8731b
3430	181	ada131aaa8
3431	182	3b037f646b
3432	183	63f746fce5
3433	184	5577017e92
3434	185	916cd2e122
3435	186	584ea47a8f
3436	187	d04e28e30b
3437	188	4374594319
3438	189	c8a0745c03
3439	190	fac9b40df0
3440	191	546defe71d
3441	192	13544fd699
3442	193	8ba1df693b
3443	194	ceee9f7b0e
3444	195	9aef343291
3445	196	6a14cd1839
3446	197	b4f71a2f30
3447	198	91a3d546e1
3448	199	74e2942b43
3449	200	9e7d6926dc
3450	201	e2adefaf41
3451	202	677527bdaf
3452	203	d25a2f504a
3453	204	645f6f1b07
3454	205	e6cc146aac
3455	206	a349d3aab5
3456	207	4c9daaa96f
3457	208	20946a67d8
3458	209	53a32dbcf3
3459	210	3631d8c3dd
3460	211	58f607ca7a
3461	212	66c2a5010e
3462	213	a4c2d0e0ba
3463	214	1562458bdf
3464	215	9e014389b4
3465	216	24191a44be
3466	217	dce088d888
3467	218	4e4eb57e81
3468	219	d8027a2b56
3469	220	9e54a66af6
3470	221	1df94feeda
3471	222	19b22c67ad
3472	223	a1cfeb90c9
3473	224	847a07d576
3474	225	03be0fb264
3475	226	984b27625b
3476	227	96f0d16910
3477	228	f3890465e4
3478	229	916ab342df
3479	230	b3661f4c47
3480	231	25622a5b97
3481	232	3489b0a905
3482	233	31c75745a0
3483	234	5b9b62d2a8
3484	235	7199eff9c8
3485	236	8185fa04a1
3486	237	1a296b9e41
3487	238	55efc37764
3488	239	53f6d4e750
3489	240	e585f1cce8
3490	241	739e8ea33e
3491	242	5560674943
3492	243	d21d2456da
3493	244	52315ce442
3494	245	0b7ab39e78
3495	246	b5d4429a02
3496	247	d70e32d692
3497	248	1a631a10c0
3498	249	b8ba92e7ce
3499	250	764ac9d4e5
3500	1	1f27d0e08a
3501	2	d3494804e1
3502	3	36e072984e
3503	4	e91623f15f
3504	5	9aee4ed654
3505	6	1ba6050872
3506	7	1aa50d764d
3507	8	fdf81d5794
3508	9	2c94d6b690
3509	10	ccf9489d7f
3510	11	2a48b6aaa4
3511	12	ff8b0c7071
3512	13	a66d20a1b3
3513	14	7c867aec2c
3514	15	3ce0df4979
3515	16	09a6ec9fc3
3516	17	cbc2ac36f6
3517	18	5b1b6f6e44
3518	19	647229478f
3519	20	f66d258f42
3520	21	b52bcbc5b6
3521	22	e1abd9ba7c
3522	23	7fd167317d
3523	24	e16bc5801e
3524	25	2432e5178d
3525	26	5fe4797564
3526	27	1a4e70af01
3527	28	116d7b1356
3528	29	1c8e2c2338
3529	30	ff5bea8fe2
3530	31	8862fdc755
3531	32	d73cfa01d3
3532	33	e7c3ed4775
3533	34	10b41febf3
3534	35	35ca0c3d73
3535	36	e34790e72a
3536	37	7a6b02df03
3537	38	2f5c8bae94
3538	39	775feadf98
3539	40	34453448f8
3540	41	ae35178577
3541	42	c56a22bf2d
3542	43	1b223af8f3
3543	44	aa3c0da382
3544	45	da9547ccff
3545	46	0fbe7ac82e
3546	47	5a8922fcf2
3547	48	5695d43de9
3548	49	084fdf6916
3549	50	3fbdc61988
3550	51	2dc70417e8
3551	52	ad34219216
3552	53	007434d699
3553	54	d7385d62a0
3554	55	c71598fcf4
3555	56	fa6e67d6c0
3556	57	428920b894
3557	58	28fbd318bd
3558	59	965f14facd
3559	60	5cda96d867
3560	61	c8c81f32ed
3561	62	bedcad2a64
3562	63	d0a8bbddae
3563	64	6a98f51d4a
3564	65	7a3436153b
3565	66	34be4cc370
3566	67	9d3772c34e
3567	68	5d6d6ab118
3568	69	ef3070cae3
3569	70	a21e9d48fe
3570	71	12b46e5cfb
3571	72	d1a80090ff
3572	73	634b88bd70
3573	74	a440ee4324
3574	75	953e27c7e6
3575	76	babab8e35c
3576	77	9cfeb01f55
3577	78	f7b8ee6893
3578	79	d289d5f15d
3579	80	a6b8d25486
3580	81	321e6fdd5a
3581	82	593a715a6b
3582	83	0b478fb133
3583	84	8d12c40176
3584	85	40ea9c2a69
3585	86	2ba9a3d36f
3586	87	94ad6d68cb
3587	88	a46500051f
3588	89	8f3f92e525
3589	90	694380b8d5
3590	91	89ff4f3fd9
3591	92	e513f88c61
3592	93	746a86f05b
3593	94	ea32db0739
3594	95	015b42ba1d
3595	96	58c5c535a3
3596	97	42f8287275
3597	98	342c7dc82e
3598	99	34f4236535
3599	100	8244ead644
3600	101	ce207c4c86
3601	102	10d3d7c0b6
3602	103	c01e2e2989
3603	104	8cff5cfb35
3604	105	2d96282278
3605	106	bd93d34fcb
3606	107	33809b07a2
3607	108	9203bde7d0
3608	109	c7159f82ef
3609	110	7fcfd23ae0
3610	111	854641bd2a
3611	112	ba0b8af96e
3612	113	d06bca3874
3613	114	e457b4e3e9
3614	115	9ba45a74fe
3615	116	a24ceed085
3616	117	0aa251d13f
3617	118	683dd6b0de
3618	119	11a6438848
3619	120	04436eda63
3620	121	f41a41187c
3621	122	99471a7963
3622	123	1a5f923964
3623	124	158eff9376
3624	125	19b88f0fb0
3625	126	1d66eb8d2e
3626	127	c9a1e16a26
3627	128	7d651fa9a4
3628	129	e8da2a01de
3629	130	3d4063068f
3630	131	4bc9147082
3631	132	6808e637a0
3632	133	c5a10e9d53
3633	134	b65a43ee9e
3634	135	7fdaca1651
3635	136	98e6ac772d
3636	137	3ac8fd3adc
3637	138	84e1890e0f
3638	139	8308cf9858
3639	140	b9b3060c5f
3640	141	fb18788acc
3641	142	0358a69b37
3642	143	106e9659b2
3643	144	33639b359d
3644	145	399091392e
3645	146	67d4b1df09
3646	147	6862612f61
3647	148	c543f93e0c
3648	149	95516288f2
3649	150	fbf0389a31
3650	151	550d631536
3651	152	6f8499457f
3652	153	824d2a5462
3653	154	04d9c7a169
3654	155	3e43d2baa8
3655	156	574bb7f117
3656	157	ffe148203b
3657	158	7f7907c63d
3658	159	0781eed1ab
3659	160	3101d70495
3660	161	6205887f85
3661	162	aa4d13edce
3662	163	ccad4ae262
3663	164	c5912019c4
3664	165	61c90766be
3665	166	70db8e738e
3666	167	7598ddf7dc
3667	168	f016fc0a6d
3668	169	c5e7cbb1ea
3669	170	ec51bde5bf
3670	171	06d3d97112
3671	172	aa27f19037
3672	173	6e07cbc6f9
3673	174	0ba4666f0b
3674	175	d86eda2c85
3675	176	117a12878a
3676	177	d1644ccb63
3677	178	5024aa412e
3678	179	a42c9a0d55
3679	180	917863ad0f
3680	181	2f06977b9f
3681	182	f20ea97b26
3682	183	b514ed99ea
3683	184	1c854cb06a
3684	185	b2bc182793
3685	186	47baf1718d
3686	187	5e51e76b0c
3687	188	2b3169a675
3688	189	ee0c7ff9fe
3689	190	a922d3172b
3690	191	8b2bef7e2e
3691	192	a82ee91082
3692	193	c0e9884ee1
3693	194	55399adb6f
3694	195	c415197822
3695	196	1248557a59
3696	197	ec5a1948f3
3697	198	6cc28fad42
3698	199	35c7f0b56c
3699	200	feb7f57b6b
3700	201	ed2530079c
3701	202	b0271e044c
3702	203	f6ebd25160
3703	204	70524ef771
3704	205	cf42a18f2b
3705	206	1a08a81f4b
3706	207	fcdb731945
3707	208	4cd723b232
3708	209	9930e8ca9d
3709	210	c4708ed271
3710	211	d3194e23f3
3711	212	5fcc89b411
3712	213	ff92a47053
3713	214	5140770aef
3714	215	68208a5436
3715	216	957572964a
3716	217	25d2466c1c
3717	218	df3d42952f
3718	219	1c3fee0d20
3719	220	3132598402
3720	221	7f030d350e
3721	222	560bc4476c
3722	223	513a465a11
3723	224	6e6e003ddb
3724	225	fd44f8aac5
3725	226	60bee528fa
3726	227	8ffb2f86cf
3727	228	6f85e7f7d1
3728	229	575151d481
3729	230	c732e6de59
3730	231	ab4e2de7f3
3731	232	0471145545
3732	233	9633553a28
3733	234	20c4fc5dfd
3734	235	53da3500b0
3735	236	22bffaf767
3736	237	f7b70b91eb
3737	238	797eff146c
3738	239	e57429e5ca
3739	240	3ba8769d5c
3740	241	e5e1f08b57
3741	242	81af01c29c
3742	243	5cd0d39149
3743	244	48942bd2a7
3744	245	1c1f14f420
3745	246	2e016909a0
3746	247	4db2f7184e
3747	248	7c10c9999d
3748	249	97673eabc5
3749	250	46760d163b
3750	1	9b9a1f2426
3751	2	3196be3904
3752	3	83493cd326
3753	4	0934e18f52
3754	5	53f1316d48
3755	6	7d4b628c66
3756	7	a54c753d68
3757	8	7c44ea3149
3758	9	9b2054cd93
3759	10	2aa0d55383
3760	11	803a0afa4f
3761	12	6506598995
3762	13	c161b9ea3f
3763	14	8b7d0d40c3
3764	15	953ea106ce
3765	16	e9fcd300d8
3766	17	737942ac8c
3767	18	0fdf4f73cb
3768	19	a92db2ed6f
3769	20	e5e616060a
3770	21	fbb5f0f323
3771	22	79ee32d6b6
3772	23	fd740777b7
3773	24	f973873a02
3774	25	cb1d95f159
3775	26	531b087fd3
3776	27	6b936ae2cf
3777	28	8098345d7d
3778	29	1ec53d2f71
3779	30	16a3dc960e
3780	31	95aef85cff
3781	32	7f3b637b2f
3782	33	614c88eca8
3783	34	57ed496f99
3784	35	b5aa7b644e
3785	36	b4c16950f0
3786	37	305817f2e1
3787	38	2bef1070b6
3788	39	5ad44239c8
3789	40	14c682b332
3790	41	84128ee6bd
3791	42	db9776f34c
3792	43	902aa5d042
3793	44	110324bdfe
3794	45	6decd332f4
3795	46	5e5fe4503a
3796	47	7661ecf98c
3797	48	0805b6058d
3798	49	d33dcc9490
3799	50	1e27ae34dd
3800	51	93cef51095
3801	52	747489ce82
3802	53	e7ae57133c
3803	54	dbc487e342
3804	55	d85356a5cc
3805	56	c716b84d3a
3806	57	4c136eade2
3807	58	dc11138d1c
3808	59	d63ef8ff30
3809	60	8a391c0b61
3810	61	2a657a8962
3811	62	85cd0d6f74
3812	63	7e9030e9f6
3813	64	56dc07d34f
3814	65	e35cff50f7
3815	66	128a53ff0a
3816	67	a6917dc61a
3817	68	981aa66d77
3818	69	baa1db4a56
3819	70	dffaab31e2
3820	71	1880ae09bd
3821	72	1889d2a341
3822	73	29cd18281b
3823	74	71991ed308
3824	75	d17aee859a
3825	76	e0b9a2727b
3826	77	743d5c2fe1
3827	78	be64867cb0
3828	79	c3e012418c
3829	80	20f99d3049
3830	81	5fe86e24dd
3831	82	3d4d587e2b
3832	83	89c9aac1fd
3833	84	89fb509fc5
3834	85	1d0267f9e1
3835	86	013aefba60
3836	87	2ffe571dd9
3837	88	f12e0be6ac
3838	89	6767557b2d
3839	90	a3fbfb07d1
3840	91	2447879fc1
3841	92	43532e2be5
3842	93	b229441868
3843	94	7f4ad71fc7
3844	95	b1d1589dd8
3845	96	cb6d053bca
3846	97	9b0cffbb07
3847	98	23aad4e26e
3848	99	e54da0dbdb
3849	100	cd8d64ddb0
3850	101	4c8e82e0ea
3851	102	d4b6db2c53
3852	103	e31ff4d8ee
3853	104	2e1fb763ad
3854	105	e3306ff21e
3855	106	d056f8703d
3856	107	0d8aeaf1e6
3857	108	f926776750
3858	109	7799babd41
3859	110	7676a9d0c3
3860	111	e25f82511b
3861	112	55e68df223
3862	113	85b87c9d74
3863	114	c00ddb3f73
3864	115	5dae883957
3865	116	b6e74d98d6
3866	117	d623a808d7
3867	118	95f359bccb
3868	119	4cee66a9b1
3869	120	6e5fe6c59a
3870	121	c40fa93eba
3871	122	5cd98ecc78
3872	123	82917e21df
3873	124	2f6aae0178
3874	125	39c367d851
3875	126	663f9ef9ee
3876	127	8f6d2a0b0a
3877	128	06ebc2bba0
3878	129	fcb7006353
3879	130	b9db820d7a
3880	131	0a989bec27
3881	132	40cfcabfc6
3882	133	7054867ea8
3883	134	2101e18677
3884	135	38378e51c3
3885	136	ddbbec311a
3886	137	3276a76163
3887	138	6a4ce5fa2d
3888	139	a61be52ceb
3889	140	fa7f96c286
3890	141	1a3505b3bb
3891	142	bf7c724bf1
3892	143	a69a14309a
3893	144	f6dc0cae34
3894	145	8c72ba3390
3895	146	eaae18a9bd
3896	147	15cb0fb19f
3897	148	5b7d847ad8
3898	149	436ffc36d6
3899	150	dadf149868
3900	151	479a50a82f
3901	152	a9f32d6310
3902	153	b7ec1a9501
3903	154	a1365be65d
3904	155	aca0fc5cde
3905	156	0153e57424
3906	157	48da25e644
3907	158	b417ebd994
3908	159	07bc28727a
3909	160	e9245f172d
3910	161	c938615e49
3911	162	d4f3a426f6
3912	163	f3232bbb4a
3913	164	3abe8147c1
3914	165	2ab307c0ff
3915	166	e0a35e4b2a
3916	167	eb619e0a0e
3917	168	dbb8986e06
3918	169	f6c82252e3
3919	170	5eff0791f0
3920	171	970858ea2c
3921	172	9f52513a56
3922	173	c4655ade11
3923	174	c11b47a103
3924	175	a572592af3
3925	176	5eafec5b26
3926	177	b2af366caa
3927	178	a31cfd23f7
3928	179	54a500b0b3
3929	180	9fb62e2d73
3930	181	36e4fc838c
3931	182	24aef4a29b
3932	183	872dd9b00f
3933	184	2e5069cebf
3934	185	5f20100278
3935	186	016ceffbc0
3936	187	d29cc0af0d
3937	188	bd12116058
3938	189	73131698b6
3939	190	b7ca48b639
3940	191	18746f1f20
3941	192	a4fa431b09
3942	193	c283791b9d
3943	194	c1a7fb6d61
3944	195	d9034b440f
3945	196	04e3631323
3946	197	ec7a119efa
3947	198	a88bac49c4
3948	199	5685c42b05
3949	200	0c17f26fab
3950	201	7117f1e084
3951	202	4075dbb6b8
3952	203	d1206b2cb7
3953	204	54a12e9894
3954	205	66761e360c
3955	206	97d4f0e9e4
3956	207	6e80204f56
3957	208	396acc67b0
3958	209	fb86ec3dca
3959	210	eeb9475663
3960	211	7d8997006c
3961	212	1073dc3529
3962	213	f75d1eb75a
3963	214	3b653317ae
3964	215	e8f03aec71
3965	216	b1871fe7ad
3966	217	0a6df720f8
3967	218	2b4427fb15
3968	219	8df4c65c68
3969	220	5b56d50f53
3970	221	951793d3d9
3971	222	e375bb3a87
3972	223	6d7629fb3b
3973	224	64ab3d2cc3
3974	225	8f841e445a
3975	226	f52a16b7b9
3976	227	915265434c
3977	228	17719eef5a
3978	229	e842fb689a
3979	230	5caf6366b3
3980	231	a1e534b70a
3981	232	f45cf1fbe7
3982	233	0fb42d0f16
3983	234	71cbda3da7
3984	235	9f33946a7e
3985	236	8c095096e1
3986	237	6c01a068d0
3987	238	a9cd20988a
3988	239	d3a3f8d2f6
3989	240	3b6eabb3f2
3990	241	9fc4df94b7
3991	242	5e7e670d47
3992	243	3fc8385054
3993	244	e521f0e905
3994	245	183826f053
3995	246	e5ea84996f
3996	247	b5cb06cb34
3997	248	b74f5e1c90
3998	249	795676afbf
3999	250	1915d34a60
4000	1	1684407160
4001	2	112dd1dcc2
4002	3	4a2ff21948
4003	4	623d55b7fc
4004	5	97b091ce47
4005	6	c017f3b0db
4006	7	63953e7a2f
4007	8	284c5a36e6
4008	9	9376c99f7f
4009	10	524130de94
4010	11	0da74f1e47
4011	12	f63fdc922f
4012	13	5ed87ad59c
4013	14	2a2d0c3b50
4014	15	8592df137e
4015	16	fda06bcfee
4016	17	f06cd58627
4017	18	0a7d2b7d37
4018	19	66b380031a
4019	20	8ab644d2be
4020	21	4637e3f224
4021	22	8d108901ee
4022	23	2b2b765655
4023	24	9363690ceb
4024	25	152313b6dd
4025	26	9735673414
4026	27	dcefbcbbe6
4027	28	3753f54c94
4028	29	37fa18428f
4029	30	435c97afa1
4030	31	d8f64189e0
4031	32	f52c01c34d
4032	33	d09c35791e
4033	34	f8fd136646
4034	35	427781dd56
4035	36	26ee396226
4036	37	5e572a2941
4037	38	8e32e619dc
4038	39	fb69537aa8
4039	40	d536694f17
4040	41	3b4d8dcd22
4041	42	4228e0cb3f
4042	43	f1017364b4
4043	44	100117dbc7
4044	45	c5451418a4
4045	46	30567ce5a1
4046	47	6d19444ae4
4047	48	52d6d61071
4048	49	19e4c15622
4049	50	a05ba90881
4050	51	d74260c91c
4051	52	ed40cbeeb8
4052	53	a202c56a1b
4053	54	0cd9bcabf3
4054	55	bf4dc3677b
4055	56	1182303f93
4056	57	d71e1e991f
4057	58	827a2db000
4058	59	c7bd4a8f17
4059	60	1f69369d23
4060	61	9e3c6c851e
4061	62	fefaf32fcd
4062	63	e3d7371a34
4063	64	f2ccfaf1eb
4064	65	6648c0fcc3
4065	66	a826c59305
4066	67	0c359b7270
4067	68	b0d9b2043a
4068	69	e861b41e3f
4069	70	6120051368
4070	71	1d391e512b
4071	72	10ab86159e
4072	73	27ef59a381
4073	74	40025bcead
4074	75	4887e892b0
4075	76	cbec23bd2f
4076	77	b7b285cac6
4077	78	b7e1f85fbe
4078	79	6162ed4a7d
4079	80	ccb64cd70a
4080	81	13b05609ca
4081	82	0107092b28
4082	83	681b069482
4083	84	05f75b7e81
4084	85	c0fb177739
4085	86	c0ae83498e
4086	87	92f069b1d9
4087	88	889c26557c
4088	89	c504f1f0b5
4089	90	036810d2ee
4090	91	299e4cb1b3
4091	92	345ddda873
4092	93	0b7744495b
4093	94	1c85975f00
4094	95	e9f4bc825b
4095	96	c4d3060cff
4096	97	8b3881d74c
4097	98	e94e866a38
4098	99	9b8f3d7d9a
4099	100	dab121deb2
4100	101	8b507d8739
4101	102	7975eff6aa
4102	103	05aad72e8a
4103	104	a41e9d758d
4104	105	42ca27caf6
4105	106	6ce2677690
4106	107	48d7247916
4107	108	528e9f0415
4108	109	9a0f780916
4109	110	8eca5218dd
4110	111	2ec8eec02d
4111	112	9c60e6f74a
4112	113	a5b713cc2c
4113	114	a9028361aa
4114	115	7ded466c81
4115	116	7793d04454
4116	117	55b85aaa64
4117	118	f8820979ca
4118	119	8bff057e6c
4119	120	6b1fe8e354
4120	121	8c2fc27871
4121	122	3040d64fd1
4122	123	b1d6b64f2e
4123	124	9d78b4065e
4124	125	f027a1d143
4125	126	45fa198dd7
4126	127	8eae3e0642
4127	128	6108ae8d12
4128	129	1ba42d7a02
4129	130	1fbc4054e9
4130	131	8871134faa
4131	132	2df0e99974
4132	133	7feed00780
4133	134	1008e1bc29
4134	135	18f0269df2
4135	136	10e6df19f0
4136	137	3118f2a044
4137	138	794a823425
4138	139	a373b19781
4139	140	ddcac39143
4140	141	b099721256
4141	142	47a3c38ca2
4142	143	7fbf6b7192
4143	144	c9d7f5f2d3
4144	145	77ec8dfa01
4145	146	bb20c7f660
4146	147	ae04bbce6d
4147	148	ddee45c99b
4148	149	6ce3f84a1e
4149	150	5a9b8c1f24
4150	151	c1691e4ff3
4151	152	0c44d9d70d
4152	153	b96fb16ff2
4153	154	c8c6a90e6d
4154	155	bf2017e945
4155	156	d24e567509
4156	157	a1065c1b72
4157	158	708090ed40
4158	159	bb4a2ddece
4159	160	bf1b72690f
4160	161	6f20dab813
4161	162	8c61239b25
4162	163	561ed6fa79
4163	164	174117a250
4164	165	d6da4abe5c
4165	166	32e5178098
4166	167	7b64b608e8
4167	168	d76d3074fa
4168	169	1be3e9dc52
4169	170	f4878d3c70
4170	171	a28be20e58
4171	172	ae9ae435c7
4172	173	df582156fb
4173	174	86fa01699a
4174	175	4a382da1e5
4175	176	ae515092f1
4176	177	5f2d916570
4177	178	c00ed39db2
4178	179	b86198d6c5
4179	180	952faf6339
4180	181	67dcaac7b1
4181	182	9a1753d4ae
4182	183	6f7e9ebfea
4183	184	923f3f5779
4184	185	1a87a66113
4185	186	a79ca2a094
4186	187	62ccec7a63
4187	188	bde0fd120f
4188	189	d7a39c7bdc
4189	190	8d5e81d70c
4190	191	3587d211eb
4191	192	d4b1ee857d
4192	193	33e2259ea4
4193	194	69439564a8
4194	195	805a5cc0ff
4195	196	90bbbdf459
4196	197	b451eeec66
4197	198	8e25788521
4198	199	0c3222203f
4199	200	47566be31e
4200	201	0b03f42bab
4201	202	fc3dad10b3
4202	203	3d2eeb9684
4203	204	2cdd041475
4204	205	18496d8235
4205	206	8d6953e624
4206	207	6668b6b232
4207	208	85706b0310
4208	209	fa434ac070
4209	210	1c9f950906
4210	211	1cd2a5dda9
4211	212	c928ff1aa4
4212	213	f5d98bef6f
4213	214	c315eae47c
4214	215	dbc44e7404
4215	216	00551bec17
4216	217	a6040744c1
4217	218	674245a20a
4218	219	f428f09607
4219	220	1a67819b53
4220	221	f490f48c02
4221	222	cf8113b615
4222	223	1a21b9e236
4223	224	7eb8c95a50
4224	225	818926fa22
4225	226	7da8a91104
4226	227	4822e65878
4227	228	d4fcb6d906
4228	229	f0539ae438
4229	230	ec14b2154e
4230	231	b9171b5166
4231	232	e29c437032
4232	233	069ff132e8
4233	234	6a322fa4ad
4234	235	0ef3115384
4235	236	0d5e8adc88
4236	237	e54cd1687a
4237	238	2abcb9385c
4238	239	f999fbda2e
4239	240	f99dccc27d
4240	241	691b4e6b9c
4241	242	b47ecbaf8a
4242	243	c1a51a9575
4243	244	e61ac30546
4244	245	0db891f039
4245	246	8ea7df7bf4
4246	247	ec22933fea
4247	248	40e67b5251
4248	249	f6f43ed649
4249	250	a1a9a2a280
4250	1	fe92d8b2d9
4251	2	404f677256
4252	3	779f76e315
4253	4	b8a5236028
4254	5	c0436dfea5
4255	6	ca060ffc46
4256	7	cc74bb4a2b
4257	8	013733b3ec
4258	9	2c1a7c5a53
4259	10	d8bb453c1c
4260	11	6afd4d468d
4261	12	2ae44d46d4
4262	13	297a281417
4263	14	5eeff47c1c
4264	15	b9f354ff4a
4265	16	83478b94f3
4266	17	7e66a21c15
4267	18	e5a45b8c93
4268	19	69f54aaf2c
4269	20	4b40783375
4270	21	74b09101c6
4271	22	833686e821
4272	23	efb73c7a1d
4273	24	143f25d4b3
4274	25	535ea027d6
4275	26	2db6b15d1d
4276	27	3b64858f70
4277	28	f249840719
4278	29	51286d474e
4279	30	33f804dec9
4280	31	65d741e87c
4281	32	1406cead51
4282	33	0c46628102
4283	34	6a2be3add0
4284	35	70ff315447
4285	36	7d52fc0d89
4286	37	783c2bab8f
4287	38	efca7553c3
4288	39	b5dab57b70
4289	40	f377c3f02f
4290	41	a3da2c8a6f
4291	42	0d49b16374
4292	43	5296e86551
4293	44	682856a7fc
4294	45	7739f82fe9
4295	46	a082a98f28
4296	47	c3ecae1b46
4297	48	194e79ccb1
4298	49	3d33907b09
4299	50	2975b97e5c
4300	51	53e2275fff
4301	52	79935daaff
4302	53	828f04e1ae
4303	54	61b11ed79a
4304	55	22986b080a
4305	56	7655d91f2c
4306	57	9ba86604f2
4307	58	85c86c8622
4308	59	7e694d159d
4309	60	2dd8dc7a4e
4310	61	87f8043a32
4311	62	801d6a6ef1
4312	63	02c916d651
4313	64	cce7eb7ecb
4314	65	b4b1ed8b24
4315	66	4fe13c95f9
4316	67	c4a0fb8452
4317	68	2e023cd022
4318	69	1b9d75a834
4319	70	2f7e4b43a1
4320	71	80084a0176
4321	72	38484db6a3
4322	73	103e423c43
4323	74	55c38079e6
4324	75	f4ce117c3d
4325	76	f5ed465c37
4326	77	7b1c11a85f
4327	78	edbab100a0
4328	79	c85cb0d65f
4329	80	38bed92cc1
4330	81	62ba625b42
4331	82	9a2d7bb5d5
4332	83	1cc7335fb2
4333	84	49a5bdbc6f
4334	85	1f4709a225
4335	86	d5a8ee7033
4336	87	41dca39b39
4337	88	3f2e173a0b
4338	89	6ce821adad
4339	90	5ea3a30a44
4340	91	718d2113ba
4341	92	78844dbde6
4342	93	42422d2c6e
4343	94	d7e1f86f90
4344	95	75f7f48b0b
4345	96	d8e6370683
4346	97	72bbf43f11
4347	98	1f9ccf9130
4348	99	b38d615250
4349	100	f7810f5c2d
4350	101	2ba7ec4ed5
4351	102	9720ddd4e0
4352	103	40e6a2bbf6
4353	104	d86a95e296
4354	105	94d59aa36b
4355	106	1c99c3da01
4356	107	a3042fb67c
4357	108	c0441ec1d4
4358	109	5de59dd8d9
4359	110	a86b5f02db
4360	111	47ca2aa9f6
4361	112	67c00f14f3
4362	113	7444c38bc1
4363	114	650cea32c3
4364	115	03fb1ab7fe
4365	116	0ff371ad1a
4366	117	1194c9a4bd
4367	118	41aee65278
4368	119	76ff47c0c2
4369	120	fa8ea17dce
4370	121	1d427f3971
4371	122	b48842fe89
4372	123	5cf2e56d79
4373	124	46527bb7b5
4374	125	d973c49fcf
4375	126	8ad315954c
4376	127	07a5ae48df
4377	128	62703b15a5
4378	129	e9267e6e68
4379	130	115755e11e
4380	131	b26f43e0c1
4381	132	e465bc240b
4382	133	650079d3f5
4383	134	cd193a6808
4384	135	a57bb105b0
4385	136	04959d9171
4386	137	4284752423
4387	138	665561bad5
4388	139	b5e2906b87
4389	140	6b25193b34
4390	141	70431cf06c
4391	142	0b7379f757
4392	143	b64e7e84ce
4393	144	54bf7cb229
4394	145	49cd52d709
4395	146	4eec549830
4396	147	13ad9ba103
4397	148	a043f64afd
4398	149	3bb83caf08
4399	150	a34dfcbcd3
4400	151	cf270ce969
4401	152	5b93cac068
4402	153	a0b427c999
4403	154	a1051209e3
4404	155	e0c344c1cc
4405	156	37ffec7b31
4406	157	72cb184ed1
4407	158	3bfbd243de
4408	159	b016ce0a44
4409	160	d60312d0e8
4410	161	0c1dabaa43
4411	162	79404800fd
4412	163	7a01d096ea
4413	164	f6bdf4f1af
4414	165	1829290c11
4415	166	fc7789eb72
4416	167	80e1f3b7ea
4417	168	a91bad2dd4
4418	169	7dd195b964
4419	170	7b05b7dcf8
4420	171	638de38885
4421	172	70ed468945
4422	173	17d2f9564d
4423	174	77d071f9ed
4424	175	c5fda0e60b
4425	176	360ea51df8
4426	177	d9662f5619
4427	178	6b1b91eb04
4428	179	0864f96695
4429	180	c945a45a05
4430	181	6532b8ccbc
4431	182	5631bc256e
4432	183	348d735f06
4433	184	02b55c1520
4434	185	ee7df67569
4435	186	526b13f97b
4436	187	4399558aac
4437	188	11ed0b40f3
4438	189	f10e5a58d9
4439	190	cadf504ec7
4440	191	845a4b1073
4441	192	3dbe22c56f
4442	193	8e5988dcb7
4443	194	74dd09d3c5
4444	195	290b5e1696
4445	196	32d739d3cb
4446	197	04c5707270
4447	198	7632cd13e2
4448	199	8deacb43e7
4449	200	2b9ca4b58c
4450	201	2e4f9c7f5c
4451	202	a61b9a4411
4452	203	58c54db4e1
4453	204	0315e0aa4a
4454	205	9a1a13c3a6
4455	206	e67e516ead
4456	207	95b760cdd6
4457	208	3b05c816e8
4458	209	8f3bbc5946
4459	210	ce56eef8a5
4460	211	9d5304277c
4461	212	55aef66f29
4462	213	32d96d0a94
4463	214	e4ef0b97c0
4464	215	183012855c
4465	216	8791fe87f0
4466	217	6eb1fc9d73
4467	218	fdab794dae
4468	219	a93dbb5f7c
4469	220	863c1e874d
4470	221	d20b18caf6
4471	222	7bf66487ab
4472	223	c4a2738b8b
4473	224	566cf8efc0
4474	225	e9cba7931e
4475	226	ea635c6607
4476	227	518861b1c6
4477	228	7236cba1ca
4478	229	af936105ba
4479	230	3ae55173bb
4480	231	4218e04ed7
4481	232	7905fa8768
4482	233	56857648d0
4483	234	327979f958
4484	235	0bb5e2a2b7
4485	236	3aa458b8b0
4486	237	776b3081d0
4487	238	df74561f36
4488	239	0988fbe144
4489	240	d1d75df649
4490	241	50e6ab80f6
4491	242	6cfe641e87
4492	243	90960b1615
4493	244	6782fad558
4494	245	1c9df858af
4495	246	3752871b9d
4496	247	2c832e787b
4497	248	2486d0bb8a
4498	249	bd02ec1fed
4499	250	ed892d1165
4500	1	c116f49b22
4501	2	88bfaa99a2
4502	3	90e73e5dba
4503	4	da7fa9b3b1
4504	5	6fe9584bdc
4505	6	45d2055bc8
4506	7	a69d903b48
4507	8	6baf63ae5f
4508	9	4822c197d3
4509	10	a15a4802b7
4510	11	64bdfbbff0
4511	12	5e60573e9c
4512	13	1d7d60cf39
4513	14	2113953f28
4514	15	eca75e5156
4515	16	8be1421732
4516	17	f1965feb14
4517	18	16b1aada73
4518	19	f6705dc34c
4519	20	32fe7ffc70
4520	21	cf3771eb16
4521	22	0950ed6dc7
4522	23	87578d0143
4523	24	89cf5c4520
4524	25	0e8291ec1c
4525	26	1ec35e47bf
4526	27	6236a233df
4527	28	0e4f912e9e
4528	29	bdce5069c8
4529	30	b3c8a3adec
4530	31	7ab00d063c
4531	32	fa7ded08bd
4532	33	25621884e1
4533	34	971f7947ac
4534	35	8c4782af41
4535	36	da7d63d98a
4536	37	44331bef22
4537	38	43800f41d2
4538	39	7add8b81fb
4539	40	85308183a0
4540	41	f6c438c333
4541	42	a2191d4939
4542	43	73fb227d7e
4543	44	6167c2eff6
4544	45	f0c7339fab
4545	46	5f0b466e32
4546	47	c8089f5724
4547	48	082356215c
4548	49	52a2a0d351
4549	50	deb1e6a4ad
4550	51	a13c26f8f8
4551	52	ea3c95f2ab
4552	53	9a4483efb1
4553	54	a030eb5278
4554	55	1ace932f09
4555	56	d87d0ea8c5
4556	57	793aa45b0c
4557	58	5d17eca226
4558	59	6ce9009179
4559	60	1a7d1ff1d2
4560	61	cef96ff63b
4561	62	e335425a6a
4562	63	92905ea139
4563	64	9cb1ceab80
4564	65	d506b1a568
4565	66	85ef2ad8f8
4566	67	346499be29
4567	68	b0002efdd3
4568	69	178fe269f4
4569	70	8bb582f37a
4570	71	2acfe3eadf
4571	72	f2e6813842
4572	73	0831956f12
4573	74	e6defce6a9
4574	75	7fb6abec7c
4575	76	5760bde59e
4576	77	930c12cbc9
4577	78	3915d38b85
4578	79	aebcca42ff
4579	80	14ded4151a
4580	81	b62216b31b
4581	82	9edb53fec1
4582	83	2835283f8d
4583	84	df3eab966c
4584	85	78b020a451
4585	86	4f03ffe005
4586	87	d2500743bf
4587	88	c406e0e51e
4588	89	61e025c2a5
4589	90	2a88a36d7b
4590	91	1364c6939b
4591	92	ead2435322
4592	93	3af61e18ce
4593	94	64b2764d8d
4594	95	50626a5f48
4595	96	afa18784f4
4596	97	8183a40c38
4597	98	b319643e59
4598	99	cf08b5c697
4599	100	d31b19734a
4600	101	dc5df6384c
4601	102	15d5761be2
4602	103	7bccb30a02
4603	104	d75c14bbf2
4604	105	cb60c2eea9
4605	106	4c615ed205
4606	107	2f3bbe17ad
4607	108	9df0690d36
4608	109	1615149a07
4609	110	8e0a1cb2e1
4610	111	7f8eb5f033
4611	112	28495abe7e
4612	113	0255014cce
4613	114	57cb36ad15
4614	115	68e42945db
4615	116	a5180c7719
4616	117	2b251c1db5
4617	118	4584f774d8
4618	119	e7bb36c837
4619	120	2c6ee9b9a8
4620	121	64807bb56f
4621	122	d460d0da93
4622	123	af2e670ed5
4623	124	f5b018bc54
4624	125	0eddc3bfe0
4625	126	953f7a058b
4626	127	dff6f0b1c5
4627	128	3b7f70c439
4628	129	da9a48c6bf
4629	130	aba49fc764
4630	131	b3e36a09b6
4631	132	5856d93051
4632	133	8f005aa62c
4633	134	f427ffaec9
4634	135	c2e5d87139
4635	136	506cc2a306
4636	137	3d0ca9a24d
4637	138	dec8c34d7d
4638	139	dc859a6706
4639	140	30b70a304a
4640	141	2459eb44bf
4641	142	4425827316
4642	143	f26d4f157b
4643	144	30d01a1ad6
4644	145	0873087d79
4645	146	4eb641bf5c
4646	147	95929fc504
4647	148	557d03dbf2
4648	149	8e8a33a5b1
4649	150	e02276df09
4650	151	1a5cc1cd5b
4651	152	4a3af6543f
4652	153	73860b1385
4653	154	f40ac40300
4654	155	68e0412e3f
4655	156	379870db2d
4656	157	c0308ae15a
4657	158	9855a1acc3
4658	159	03c25949e2
4659	160	ba664c00c4
4660	161	90f1cf63a0
4661	162	4c3ff494fa
4662	163	74d7c2a1fd
4663	164	8ea6ee2bc4
4664	165	4ce17e1c77
4665	166	c7e2f1cd0f
4666	167	fb4acc13f7
4667	168	e560458c37
4668	169	d06b93ec89
4669	170	8d0cc802c1
4670	171	b6b0f93789
4671	172	90474b6a8c
4672	173	397ceb182f
4673	174	26dea50320
4674	175	87ed9c5c1e
4675	176	7cb9f0b31c
4676	177	ae97979c70
4677	178	fbe23f9d36
4678	179	719cc3f51a
4679	180	9ffd4f75a6
4680	181	e434ec5e3c
4681	182	22dadd3bdd
4682	183	648e564216
4683	184	2b1624c996
4684	185	45bbf28146
4685	186	d907f11e41
4686	187	de3ee6cf20
4687	188	0ef5e4596b
4688	189	22ddbaa387
4689	190	d1e92f90d1
4690	191	123ac9cb7e
4691	192	fb5a2e7f65
4692	193	60d85c4b2d
4693	194	fadb9295ec
4694	195	f355788b92
4695	196	a0d23f657f
4696	197	6b9e4799d5
4697	198	052b1fdf83
4698	199	ddd90008cc
4699	200	0a27f10fe4
4700	201	b86f07f756
4701	202	d8d0cb78c7
4702	203	cf07f7454e
4703	204	ee204684ba
4704	205	6a9a6567d8
4705	206	3b9397d5d2
4706	207	efce8875b9
4707	208	31174dad52
4708	209	9a9609cf9b
4709	210	885d74114d
4710	211	619f33b418
4711	212	b7f3057cf4
4712	213	8248dddd82
4713	214	794f1952e8
4714	215	e9e75eb1f8
4715	216	ff5b0b5b35
4716	217	d4dd5a9635
4717	218	2c09373228
4718	219	aa4bbe905f
4719	220	a4068c3e2b
4720	221	7a5398cd2e
4721	222	6182e9b5f0
4722	223	ff37644cd3
4723	224	cbfdbe444c
4724	225	901b8d09b0
4725	226	2adef77e63
4726	227	84f09886d8
4727	228	ab6ff896e4
4728	229	3e58746ad6
4729	230	aa79a26783
4730	231	10499f3e1a
4731	232	4120c476d4
4732	233	dfdfda1521
4733	234	88a4d9b97b
4734	235	34c39bda0a
4735	236	4bb9aaf8e7
4736	237	0149681092
4737	238	3a75a06ca7
4738	239	099a21d825
4739	240	1cdf758cb2
4740	241	175e7a4fbc
4741	242	aae40149bc
4742	243	4df98ced4f
4743	244	98b8a88fe0
4744	245	355c1cf167
4745	246	99b0a65ac8
4746	247	a5699fb085
4747	248	3905875cb4
4748	249	9b393d6dce
4749	250	f17b923ed6
4750	1	f654bb20a3
4751	2	4fb1767f4b
4752	3	57a8f26ac3
4753	4	6c4dc3c934
4754	5	a720cd5507
4755	6	fc23e600fe
4756	7	f84ae95267
4757	8	f49f7ad775
4758	9	d185fddcac
4759	10	3ff8054a27
4760	11	f227f9b2b2
4761	12	55ff7be516
4762	13	79ededd91e
4763	14	7baa4dbe9d
4764	15	77d6aa7942
4765	16	fec5efa619
4766	17	e56cb10bc0
4767	18	8e8144e5a8
4768	19	d9f8af997e
4769	20	38b6ced69d
4770	21	ac3460d49f
4771	22	4c7da3c7a0
4772	23	2979d87c99
4773	24	22f1a3a9cb
4774	25	03aa1fb9e1
4775	26	effeeda1a0
4776	27	ee78cbb47b
4777	28	cc6a324ff2
4778	29	a73971f7b5
4779	30	af5aec4a48
4780	31	935d537011
4781	32	0a564fc806
4782	33	e607b000ab
4783	34	053bc50d2e
4784	35	887a7a92ae
4785	36	4bf6476405
4786	37	a26464d34b
4787	38	e898fa61ac
4788	39	71d708e348
4789	40	1f8ba3404f
4790	41	8408bcee1e
4791	42	3f9af4ed54
4792	43	996ca7a22a
4793	44	0fa701e983
4794	45	5fbee8333c
4795	46	b412cd70cb
4796	47	7e801ffe85
4797	48	ee5f4e2cfa
4798	49	7a185551cb
4799	50	60c9b58ddd
4800	51	16e13786e1
4801	52	e7c641be3c
4802	53	71fa1ac7d0
4803	54	9ef9d97cca
4804	55	fdc7df9dca
4805	56	42681d9122
4806	57	c6831dfa25
4807	58	14ad2a29e1
4808	59	b3e8677c97
4809	60	3308f0131d
4810	61	c69071c92b
4811	62	346657e53d
4812	63	49731d4dec
4813	64	4c32474fa5
4814	65	c2fc3171ca
4815	66	bd4af0cb94
4816	67	6b8832a0ee
4817	68	5745d9dad5
4818	69	8823d1793c
4819	70	630f3682f8
4820	71	306135bc60
4821	72	3f501fbc7f
4822	73	516b3e324b
4823	74	4a2ef3da44
4824	75	984662d781
4825	76	5b1e7d493f
4826	77	16edd1c091
4827	78	4f95818e04
4828	79	2fa618572d
4829	80	16591eacea
4830	81	d39065e86b
4831	82	81fb3760a4
4832	83	62feadcbf6
4833	84	b66f567284
4834	85	b1f6e06685
4835	86	624d657b8e
4836	87	3f02426eee
4837	88	42c30ecaab
4838	89	9b2d9978e1
4839	90	d77c627282
4840	91	bd61da62f6
4841	92	752669dde2
4842	93	8d3a46bf72
4843	94	24c85354f8
4844	95	ba08f1ed9f
4845	96	f75b862791
4846	97	e45a9b3241
4847	98	13873ae3b3
4848	99	4b87ef6a89
4849	100	d609b2c36b
4850	101	f1fbd01f64
4851	102	5d8c5abfed
4852	103	c261ed6a23
4853	104	3211b452dd
4854	105	576c838c84
4855	106	6af5046147
4856	107	7f1e508905
4857	108	d26ac776c7
4858	109	98c46307f3
4859	110	976ef7577a
4860	111	332c1d0a4f
4861	112	441e0e2560
4862	113	b98cb9e12e
4863	114	11449b59de
4864	115	d971d3ca6d
4865	116	cb23e39419
4866	117	2a0d643743
4867	118	db852b178f
4868	119	f5e0248282
4869	120	5a9e4efa07
4870	121	9a82dc694a
4871	122	1dde0620bd
4872	123	a047fcff30
4873	124	47c42bb841
4874	125	819ff3db93
4875	126	fe8fcb1240
4876	127	0846b4f66a
4877	128	c87d1834ae
4878	129	628874a790
4879	130	176f9216d0
4880	131	007ddda533
4881	132	0f6fc6bd4d
4882	133	31e49e3b71
4883	134	54b284cfc4
4884	135	034ea9b953
4885	136	1b1da7798d
4886	137	81f455f51c
4887	138	7d8cc1b93c
4888	139	ed78dcfa8a
4889	140	f6ec8906f7
4890	141	747f5ec23b
4891	142	74a5b76118
4892	143	342624181a
4893	144	0e004a66a8
4894	145	0eff0a6ce8
4895	146	b4c6778543
4896	147	56c8a1b878
4897	148	8b41805b45
4898	149	4f825f2f5f
4899	150	2f8e659b4c
4900	151	8fb3c5f687
4901	152	0ac0bda16c
4902	153	731b3dd745
4903	154	9aecec608a
4904	155	e08eb209a4
4905	156	d48618733a
4906	157	c0b30aa7e8
4907	158	2ab1495e44
4908	159	1d7eed98c2
4909	160	bd272dd4d9
4910	161	e4a88a79d5
4911	162	355cf792b6
4912	163	60ade5ca2c
4913	164	d1befb5304
4914	165	e95352abd2
4915	166	c484f0e972
4916	167	6fc1094e5a
4917	168	57f1e3dabb
4918	169	d1d42a2c45
4919	170	41948bb3b1
4920	171	5be972917e
4921	172	a423ff380b
4922	173	06ccd37848
4923	174	5de19c2ea2
4924	175	c3896672da
4925	176	49cccc5774
4926	177	6056f26ea1
4927	178	805ea5947f
4928	179	66aebc6a2b
4929	180	e48de2be05
4930	181	90dde8266c
4931	182	393a81a0e2
4932	183	21b774d540
4933	184	0e5074975d
4934	185	56212a6b82
4935	186	8452b9a341
4936	187	015e459974
4937	188	beb1f214e5
4938	189	a98a0748dd
4939	190	384ff94210
4940	191	75f4f4d624
4941	192	d69988a828
4942	193	270d1f28e1
4943	194	52ba4a7005
4944	195	10093b14e9
4945	196	5668918df5
4946	197	8b3997f101
4947	198	290d1b0dfa
4948	199	98f477b207
4949	200	4f956a0237
4950	201	aada6bacf3
4951	202	0d7e08d734
4952	203	bffc23eaea
4953	204	e98840e096
4954	205	5501513d8f
4955	206	fdf3681a95
4956	207	633895f421
4957	208	6854558367
4958	209	c4fe133884
4959	210	65213ab75e
4960	211	ba861d0df7
4961	212	cbb149da15
4962	213	20ed288aff
4963	214	f54788792d
4964	215	a59c059073
4965	216	1aa23ab2e0
4966	217	e8cf887c5e
4967	218	2a83c2fcd9
4968	219	90923c102d
4969	220	152547f1f8
4970	221	5071284b0f
4971	222	827b6f10e7
4972	223	e1460b1eec
4973	224	b317b8e7c7
4974	225	5ea853aa3e
4975	226	a61f097a0b
4976	227	a7c554b99d
4977	228	bdfe13db98
4978	229	ca25b5ed41
4979	230	8bde4f0f2b
4980	231	efce5d82bb
4981	232	e07bd1107a
4982	233	2632b030c7
4983	234	1a3f23c9a0
4984	235	5cd9bb7d91
4985	236	b077fd9364
4986	237	de2d264651
4987	238	39317c70eb
4988	239	a87b201d4e
4989	240	2b5ac01dc9
4990	241	5015e6730a
4991	242	6c77fe1622
4992	243	c1f7520b12
4993	244	2ad8eb369c
4994	245	504e9000a9
4995	246	0b29b80425
4996	247	027c1a1565
4997	248	28fbc8370d
4998	249	0b4ac81f9f
4999	250	d9d193a3a0
5000	1	f4903fc1af
\.


--
-- Name: rc1_id_seq; Type: SEQUENCE SET; Schema: public; Owner: support
--

SELECT pg_catalog.setval('public.rc1_id_seq', 1000, true);


--
-- Name: rc2_id_seq; Type: SEQUENCE SET; Schema: public; Owner: support
--

SELECT pg_catalog.setval('public.rc2_id_seq', 250, true);


--
-- Name: rc3_id_seq; Type: SEQUENCE SET; Schema: public; Owner: support
--

SELECT pg_catalog.setval('public.rc3_id_seq', 250, true);


--
-- Name: rc4_id_seq; Type: SEQUENCE SET; Schema: public; Owner: support
--

SELECT pg_catalog.setval('public.rc4_id_seq', 5000, true);


--
-- Name: rc1 rc1_pkey; Type: CONSTRAINT; Schema: public; Owner: support
--

ALTER TABLE ONLY public.rc1
    ADD CONSTRAINT rc1_pkey PRIMARY KEY (id);


--
-- Name: rc2 rc2_pkey; Type: CONSTRAINT; Schema: public; Owner: support
--

ALTER TABLE ONLY public.rc2
    ADD CONSTRAINT rc2_pkey PRIMARY KEY (id);


--
-- Name: rc3 rc3_pkey; Type: CONSTRAINT; Schema: public; Owner: support
--

ALTER TABLE ONLY public.rc3
    ADD CONSTRAINT rc3_pkey PRIMARY KEY (id);


--
-- Name: rc4 rc4_pkey; Type: CONSTRAINT; Schema: public; Owner: support
--

ALTER TABLE ONLY public.rc4
    ADD CONSTRAINT rc4_pkey PRIMARY KEY (id);


--
-- Name: rc1_desc_uniq; Type: INDEX; Schema: public; Owner: support
--

CREATE UNIQUE INDEX rc1_desc_uniq ON public.rc1 USING btree (description);


--
-- Name: rc2 rc2_rc1_reference_fkey; Type: FK CONSTRAINT; Schema: public; Owner: support
--

ALTER TABLE ONLY public.rc2
    ADD CONSTRAINT rc2_rc1_reference_fkey FOREIGN KEY (rc1_reference) REFERENCES public.rc1(description);


--
-- Name: rc3 rc3_rc2_reference_fkey; Type: FK CONSTRAINT; Schema: public; Owner: support
--

ALTER TABLE ONLY public.rc3
    ADD CONSTRAINT rc3_rc2_reference_fkey FOREIGN KEY (rc2_reference) REFERENCES public.rc2(id);


--
-- Name: rc4 rc4_rc3_reference_fkey; Type: FK CONSTRAINT; Schema: public; Owner: support
--

ALTER TABLE ONLY public.rc4
    ADD CONSTRAINT rc4_rc3_reference_fkey FOREIGN KEY (rc3_reference) REFERENCES public.rc3(id);


--
-- Name: SCHEMA public; Type: ACL; Schema: -; Owner: support
--

REVOKE USAGE ON SCHEMA public FROM PUBLIC;
GRANT ALL ON SCHEMA public TO PUBLIC;


--
-- PostgreSQL database dump complete
--

